CRAN Package Check Results for Package qPCRtools

Last updated on 2022-09-27 20:53:10 CEST.

Flavor Version Tinstall Tcheck Ttotal Status Flags
r-devel-linux-x86_64-debian-clang 0.2.1 16.02 149.17 165.19 OK
r-devel-linux-x86_64-debian-gcc 0.2.1 11.26 106.91 118.17 OK
r-devel-linux-x86_64-fedora-clang 0.2.1 205.97 NOTE
r-devel-linux-x86_64-fedora-gcc 0.2.1 204.71 NOTE
r-devel-windows-x86_64 0.2.1 33.00 163.00 196.00 OK
r-patched-linux-x86_64 0.2.1 13.55 138.02 151.57 OK
r-release-linux-x86_64 0.2.1 13.55 134.37 147.92 OK
r-release-macos-arm64 0.2.1 49.00 NOTE
r-release-macos-x86_64 0.2.1 76.00 NOTE
r-release-windows-x86_64 0.2.1 24.00 165.00 189.00 OK
r-oldrel-macos-arm64 0.2.1 40.00 NOTE
r-oldrel-macos-x86_64 0.2.1 75.00 NOTE
r-oldrel-windows-ix86+x86_64 0.2.1 35.00 159.00 194.00 OK

Check Details

Version: 0.2.1
Check: dependencies in R code
Result: NOTE
    Namespaces in Imports field not imported from:
     ‘data.table’ ‘readxl’ ‘reshape2’ ‘sjmisc’ ‘stringr’ ‘xlsx’
     All declared Imports should be used.
Flavors: r-devel-linux-x86_64-fedora-clang, r-devel-linux-x86_64-fedora-gcc, r-release-macos-arm64, r-release-macos-x86_64, r-oldrel-macos-arm64, r-oldrel-macos-x86_64