CRAN Package Check Results for Package pwt

Last updated on 2024-02-29 17:22:31 CET.

Flavor Version Tinstall Tcheck Ttotal Status Flags
r-devel-linux-x86_64-debian-clang 7.1-1 10.18 25.59 35.77 OK
r-devel-linux-x86_64-debian-gcc 7.1-1 7.83 20.07 27.90 OK
r-devel-linux-x86_64-fedora-clang 7.1-1 43.49 NOTE
r-devel-linux-x86_64-fedora-gcc 7.1-1 42.08 OK
r-devel-windows-x86_64 7.1-1 9.00 44.00 53.00 NOTE
r-patched-linux-x86_64 7.1-1 9.71 25.47 35.18 OK
r-release-linux-x86_64 7.1-1 8.92 25.13 34.05 OK
r-release-macos-arm64 7.1-1 21.00 NOTE
r-release-macos-x86_64 7.1-1 31.00 NOTE
r-release-windows-x86_64 7.1-1 10.00 43.00 53.00 NOTE
r-oldrel-macos-arm64 7.1-1 32.00 NOTE
r-oldrel-windows-x86_64 7.1-1 17.00 53.00 70.00 NOTE

Check Details

Version: 7.1-1
Check: installed package size
Result: NOTE installed size is 7.3Mb sub-directories of 1Mb or more: data 7.2Mb Flavors: r-devel-linux-x86_64-fedora-clang, r-devel-windows-x86_64, r-release-macos-arm64, r-release-macos-x86_64, r-release-windows-x86_64, r-oldrel-macos-arm64, r-oldrel-windows-x86_64