CRAN Package Check Results for Package purrr

Last updated on 2020-09-24 05:51:12 CEST.

Flavor Version Tinstall Tcheck Ttotal Status Flags
r-devel-linux-x86_64-debian-clang 0.3.4 7.74 49.41 57.15 OK
r-devel-linux-x86_64-debian-gcc 0.3.4 5.62 37.81 43.43 OK
r-devel-linux-x86_64-fedora-clang 0.3.4 78.60 NOTE
r-devel-linux-x86_64-fedora-gcc 0.3.4 66.93 OK
r-devel-windows-ix86+x86_64 0.3.4 19.00 100.00 119.00 OK
r-patched-linux-x86_64 0.3.4 5.61 47.50 53.11 OK
r-patched-solaris-x86 0.3.4 89.10 OK
r-release-linux-x86_64 0.3.4 7.40 47.90 55.30 OK
r-release-macos-x86_64 0.3.4 OK
r-release-windows-ix86+x86_64 0.3.4 18.00 104.00 122.00 OK
r-oldrel-macos-x86_64 0.3.4 OK
r-oldrel-windows-ix86+x86_64 0.3.4 15.00 75.00 90.00 OK

Check Details

Version: 0.3.4
Check: Rd cross-references
Result: NOTE
    Undeclared packages ‘vctrs’, ‘httr’ in Rd xrefs
Flavor: r-devel-linux-x86_64-fedora-clang