CRAN Package Check Results for Package purrr

Last updated on 2020-01-25 06:51:23 CET.

Flavor Version Tinstall Tcheck Ttotal Status Flags
r-devel-linux-x86_64-debian-clang 0.3.3 7.76 46.76 54.52 OK
r-devel-linux-x86_64-debian-gcc 0.3.3 5.53 36.68 42.21 OK
r-devel-linux-x86_64-fedora-clang 0.3.3 65.38 OK
r-devel-linux-x86_64-fedora-gcc 0.3.3 63.94 OK
r-devel-windows-ix86+x86_64 0.3.3 3.00 7.00 10.00 ERROR
r-devel-windows-ix86+x86_64-gcc8 0.3.3 31.00 82.00 113.00 OK
r-patched-linux-x86_64 0.3.3 4.94 43.95 48.89 OK
r-patched-solaris-x86 0.3.3 80.90 OK
r-release-linux-x86_64 0.3.3 5.01 43.06 48.07 OK
r-release-windows-ix86+x86_64 0.3.3 3.00 7.00 10.00 ERROR
r-release-osx-x86_64 0.3.3 OK
r-oldrel-windows-ix86+x86_64 0.3.3 19.00 72.00 91.00 OK
r-oldrel-osx-x86_64 0.3.3 OK

Check Details

Version: 0.3.3
Check: whether package can be installed
Result: ERROR
    Installation failed.
Flavors: r-devel-windows-ix86+x86_64, r-release-windows-ix86+x86_64