CRAN Package Check Results for Package purrr

Last updated on 2021-04-14 10:49:20 CEST.

Flavor Version Tinstall Tcheck Ttotal Status Flags
r-devel-linux-x86_64-debian-clang 0.3.4 7.98 52.48 60.46 NOTE
r-devel-linux-x86_64-debian-gcc 0.3.4 5.43 38.47 43.90 NOTE
r-devel-linux-x86_64-fedora-clang 0.3.4 79.89 NOTE
r-devel-linux-x86_64-fedora-gcc 0.3.4 69.98 NOTE
r-devel-windows-ix86+x86_64 0.3.4 20.00 93.00 113.00 NOTE
r-devel-windows-x86_64-gcc10-UCRT 0.3.4 NOTE
r-patched-linux-x86_64 0.3.4 6.15 48.43 54.58 OK
r-patched-solaris-x86 0.3.4 96.00 OK
r-release-linux-x86_64 0.3.4 7.03 48.35 55.38 OK
r-release-macos-x86_64 0.3.4 OK
r-release-windows-ix86+x86_64 0.3.4 18.00 101.00 119.00 OK
r-oldrel-macos-x86_64 0.3.4 OK
r-oldrel-windows-ix86+x86_64 0.3.4 17.00 74.00 91.00 OK

Check Details

Version: 0.3.4
Check: LazyData
Result: NOTE
     'LazyData' is specified without a 'data' directory
Flavors: r-devel-linux-x86_64-debian-clang, r-devel-linux-x86_64-debian-gcc, r-devel-linux-x86_64-fedora-clang, r-devel-linux-x86_64-fedora-gcc, r-devel-windows-ix86+x86_64, r-devel-windows-x86_64-gcc10-UCRT

Version: 0.3.4
Check: Rd cross-references
Result: NOTE
    Undeclared packages ‘vctrs’, ‘httr’ in Rd xrefs
Flavor: r-devel-linux-x86_64-fedora-clang