Last updated on 2022-06-29 12:54:37 CEST.
Flavor | Version | Tinstall | Tcheck | Ttotal | Status | Flags |
---|---|---|---|---|---|---|
r-devel-linux-x86_64-debian-clang | 0.3.4 | 7.73 | 64.22 | 71.95 | NOTE | |
r-devel-linux-x86_64-debian-gcc | 0.3.4 | 6.66 | 48.17 | 54.83 | NOTE | |
r-devel-linux-x86_64-fedora-clang | 0.3.4 | 96.20 | NOTE | |||
r-devel-linux-x86_64-fedora-gcc | 0.3.4 | 98.66 | NOTE | |||
r-devel-windows-x86_64 | 0.3.4 | 73.00 | 102.00 | 175.00 | NOTE | |
r-patched-linux-x86_64 | 0.3.4 | 9.20 | 61.84 | 71.04 | NOTE | |
r-release-linux-x86_64 | 0.3.4 | 7.44 | 60.66 | 68.10 | NOTE | |
r-release-macos-arm64 | 0.3.4 | 27.00 | NOTE | |||
r-release-macos-x86_64 | 0.3.4 | 43.00 | NOTE | |||
r-release-windows-x86_64 | 0.3.4 | 81.00 | 98.00 | 179.00 | NOTE | |
r-oldrel-macos-arm64 | 0.3.4 | 35.00 | NOTE | |||
r-oldrel-macos-x86_64 | 0.3.4 | 61.00 | NOTE | |||
r-oldrel-windows-ix86+x86_64 | 0.3.4 | 22.00 | 122.00 | 144.00 | NOTE |
Version: 0.3.4
Check: LazyData
Result: NOTE
'LazyData' is specified without a 'data' directory
Flavors: r-devel-linux-x86_64-debian-clang, r-devel-linux-x86_64-debian-gcc, r-devel-linux-x86_64-fedora-clang, r-devel-linux-x86_64-fedora-gcc, r-devel-windows-x86_64, r-patched-linux-x86_64, r-release-linux-x86_64, r-release-macos-arm64, r-release-macos-x86_64, r-release-windows-x86_64, r-oldrel-macos-arm64, r-oldrel-macos-x86_64, r-oldrel-windows-ix86+x86_64
Version: 0.3.4
Check: Rd cross-references
Result: NOTE
Undeclared packages ‘vctrs’, ‘httr’ in Rd xrefs
Flavor: r-devel-linux-x86_64-fedora-clang