CRAN Package Check Results for Package purrr

Last updated on 2020-07-03 17:48:31 CEST.

Flavor Version Tinstall Tcheck Ttotal Status Flags
r-devel-linux-x86_64-debian-clang 0.3.4 8.04 48.70 56.74 OK
r-devel-linux-x86_64-debian-gcc 0.3.4 5.75 36.91 42.66 OK
r-devel-linux-x86_64-fedora-clang 0.3.4 72.70 NOTE
r-devel-linux-x86_64-fedora-gcc 0.3.4 64.35 OK
r-devel-windows-ix86+x86_64 0.3.4 27.00 84.00 111.00 OK
r-patched-linux-x86_64 0.3.4 6.48 47.88 54.36 OK
r-patched-solaris-x86 0.3.4 90.40 OK
r-release-linux-x86_64 0.3.4 6.19 48.12 54.31 OK
r-release-osx-x86_64 0.3.4 OK
r-release-windows-ix86+x86_64 0.3.4 24.00 79.00 103.00 OK
r-oldrel-osx-x86_64 0.3.4 OK
r-oldrel-windows-ix86+x86_64 0.3.4 23.00 103.00 126.00 OK

Check Details

Version: 0.3.4
Check: Rd cross-references
Result: NOTE
    Undeclared packages ‘vctrs’, ‘httr’ in Rd xrefs
Flavor: r-devel-linux-x86_64-fedora-clang