CRAN Package Check Results for Package purrr

Last updated on 2022-01-24 02:51:10 CET.

Flavor Version Tinstall Tcheck Ttotal Status Flags
r-devel-linux-x86_64-debian-clang 0.3.4 7.67 59.93 67.60 NOTE
r-devel-linux-x86_64-debian-gcc 0.3.4 5.55 45.62 51.17 NOTE
r-devel-linux-x86_64-fedora-clang 0.3.4 82.97 NOTE
r-devel-linux-x86_64-fedora-gcc 0.3.4 70.67 NOTE
r-devel-windows-x86_64-new-UL 0.3.4 127.00 96.00 223.00 NOTE
r-devel-windows-x86_64-new-TK 0.3.4 NOTE
r-patched-linux-x86_64 0.3.4 7.50 58.01 65.51 NOTE
r-release-linux-x86_64 0.3.4 7.12 57.81 64.93 NOTE
r-release-macos-arm64 0.3.4 NOTE
r-release-macos-x86_64 0.3.4 WARN
r-release-windows-ix86+x86_64 0.3.4 19.00 100.00 119.00 NOTE
r-oldrel-macos-x86_64 0.3.4 OK
r-oldrel-windows-ix86+x86_64 0.3.4 20.00 100.00 120.00 OK

Check Details

Version: 0.3.4
Check: LazyData
Result: NOTE
     'LazyData' is specified without a 'data' directory
Flavors: r-devel-linux-x86_64-debian-clang, r-devel-linux-x86_64-debian-gcc, r-devel-linux-x86_64-fedora-clang, r-devel-linux-x86_64-fedora-gcc, r-devel-windows-x86_64-new-UL, r-devel-windows-x86_64-new-TK, r-patched-linux-x86_64, r-release-linux-x86_64, r-release-macos-arm64, r-release-macos-x86_64, r-release-windows-ix86+x86_64

Version: 0.3.4
Check: Rd cross-references
Result: NOTE
    Undeclared packages ‘vctrs’, ‘httr’ in Rd xrefs
Flavor: r-devel-linux-x86_64-fedora-clang

Version: 0.3.4
Check: re-building of vignette outputs
Result: WARN
    Error(s) in re-building vignettes:
     ...
    --- re-building ‘other-langs.Rmd’ using rmarkdown
    Warning in engine$weave(file, quiet = quiet, encoding = enc) :
     Pandoc (>= 1.12.3) not available. Falling back to R Markdown v1.
    Error: processing vignette 'other-langs.Rmd' failed with diagnostics:
    there is no package called 'stringi'
    --- failed re-building ‘other-langs.Rmd’
    
    SUMMARY: processing the following file failed:
     ‘other-langs.Rmd’
    
    Error: Vignette re-building failed.
    Execution halted
Flavor: r-release-macos-x86_64