CRAN Package Check Results for Package purging

Last updated on 2025-01-22 16:49:30 CET.

Flavor Version Tinstall Tcheck Ttotal Status Flags
r-devel-linux-x86_64-debian-clang 1.0.0 1.58 16.12 17.70 OK
r-devel-linux-x86_64-debian-gcc 1.0.0 1.22 13.70 14.92 OK
r-devel-linux-x86_64-fedora-clang 1.0.0 29.59 OK
r-devel-linux-x86_64-fedora-gcc 1.0.0 27.52 OK
r-devel-windows-x86_64 1.0.0 3.00 39.00 42.00 OK
r-patched-linux-x86_64 1.0.0 1.72 15.74 17.46 NOTE
r-release-linux-x86_64 1.0.0 1.44 15.72 17.16 NOTE
r-release-macos-arm64 1.0.0 15.00 NOTE
r-release-macos-x86_64 1.0.0 20.00 NOTE
r-release-windows-x86_64 1.0.0 2.00 38.00 40.00 NOTE
r-oldrel-macos-arm64 1.0.0 16.00 NOTE
r-oldrel-macos-x86_64 1.0.0 20.00 NOTE
r-oldrel-windows-x86_64 1.0.0 2.00 41.00 43.00 NOTE

Check Details

Version: 1.0.0
Check: LazyData
Result: NOTE 'LazyData' is specified without a 'data' directory Flavors: r-patched-linux-x86_64, r-release-linux-x86_64, r-release-macos-arm64, r-release-macos-x86_64, r-release-windows-x86_64, r-oldrel-macos-arm64, r-oldrel-macos-x86_64, r-oldrel-windows-x86_64