CRAN Package Check Results for Package pulseTD

Last updated on 2019-09-20 15:47:10 CEST.

Flavor Version Tinstall Tcheck Ttotal Status Flags
r-devel-linux-x86_64-debian-clang 0.1.0 36.64 348.21 384.85 OK
r-devel-linux-x86_64-debian-gcc 0.1.0 32.46 274.67 307.13 OK
r-devel-linux-x86_64-fedora-clang 0.1.0 340.31 OK
r-devel-linux-x86_64-fedora-gcc 0.1.0 321.83 OK
r-devel-windows-ix86+x86_64 0.1.0 103.00 323.00 426.00 OK
r-patched-linux-x86_64 0.1.0 34.05 324.54 358.59 OK
r-patched-solaris-x86 0.1.0 647.60 OK
r-release-linux-x86_64 0.1.0 32.88 323.23 356.11 OK
r-release-windows-ix86+x86_64 0.1.0 75.00 434.00 509.00 OK
r-release-osx-x86_64 0.1.0 ERROR
r-oldrel-windows-ix86+x86_64 0.1.0 39.00 311.00 350.00 OK
r-oldrel-osx-x86_64 0.1.0 ERROR

Check Details

Version: 0.1.0
Check: package dependencies
Result: ERROR
    Packages required but not available:
     'AnnotationDbi', 'SummarizedExperiment', 'Rsamtools', 'Biobase',
     'S4Vectors', 'GenomicFeatures', 'GenomicAlignments'
    
    Package suggested but not available for checking: ‘TxDb.Hsapiens.UCSC.hg19.knownGene’
    
    See section ‘The DESCRIPTION file’ in the ‘Writing R Extensions’
    manual.
Flavor: r-release-osx-x86_64

Version: 0.1.0
Check: package dependencies
Result: ERROR
    Packages required but not available:
     ‘Rsamtools’ ‘GenomicFeatures’ ‘GenomicAlignments’
    
    Package suggested but not available for checking: ‘TxDb.Hsapiens.UCSC.hg19.knownGene’
    
    See section ‘The DESCRIPTION file’ in the ‘Writing R Extensions’
    manual.
Flavor: r-oldrel-osx-x86_64