CRAN Package Check Results for Package pulseTD

Last updated on 2020-02-26 10:48:29 CET.

Flavor Version Tinstall Tcheck Ttotal Status Flags
r-devel-linux-x86_64-debian-clang 0.1.0 44.22 398.36 442.58 OK
r-devel-linux-x86_64-debian-gcc 0.1.0 34.98 302.34 337.32 OK
r-devel-linux-x86_64-fedora-clang 0.1.0 554.90 OK
r-devel-linux-x86_64-fedora-gcc 0.1.0 387.49 OK
r-devel-windows-ix86+x86_64 0.1.0 68.00 345.00 413.00 WARN
r-devel-windows-ix86+x86_64-gcc8 0.1.0 77.00 354.00 431.00 WARN
r-patched-linux-x86_64 0.1.0 34.32 338.40 372.72 OK
r-patched-solaris-x86 0.1.0 676.30 OK
r-release-linux-x86_64 0.1.0 34.40 345.71 380.11 OK
r-release-windows-ix86+x86_64 0.1.0 65.00 327.00 392.00 WARN
r-release-osx-x86_64 0.1.0 ERROR
r-oldrel-windows-ix86+x86_64 0.1.0 45.00 321.00 366.00 WARN
r-oldrel-osx-x86_64 0.1.0 ERROR

Check Details

Version: 0.1.0
Check: re-building of vignette outputs
Result: WARN
    Error(s) in re-building vignettes:
    --- re-building 'tutorial.Rmd' using rmarkdown
    Loading required package: GenomicFeatures
    Loading required package: BiocGenerics
    Loading required package: parallel
    
    Attaching package: 'BiocGenerics'
    
    The following objects are masked from 'package:parallel':
    
     clusterApply, clusterApplyLB, clusterCall, clusterEvalQ,
     clusterExport, clusterMap, parApply, parCapply, parLapply,
     parLapplyLB, parRapply, parSapply, parSapplyLB
    
    The following objects are masked from 'package:stats':
    
     IQR, mad, sd, var, xtabs
    
    The following objects are masked from 'package:base':
    
     Filter, Find, Map, Position, Reduce, anyDuplicated, append,
     as.data.frame, basename, cbind, colnames, dirname, do.call,
     duplicated, eval, evalq, get, grep, grepl, intersect, is.unsorted,
     lapply, mapply, match, mget, order, paste, pmax, pmax.int, pmin,
     pmin.int, rank, rbind, rownames, sapply, setdiff, sort, table,
     tapply, union, unique, unsplit, which, which.max, which.min
    
    Loading required package: S4Vectors
    Loading required package: stats4
    
    Attaching package: 'S4Vectors'
    
    The following object is masked from 'package:base':
    
     expand.grid
    
    Loading required package: IRanges
    
    Attaching package: 'IRanges'
    
    The following object is masked from 'package:grDevices':
    
     windows
    
    Loading required package: GenomeInfoDb
    Loading required package: GenomicRanges
    Loading required package: AnnotationDbi
    Loading required package: Biobase
    Welcome to Bioconductor
    
     Vignettes contain introductory material; view with
     'browseVignettes()'. To cite Bioconductor, see
     'citation("Biobase")', and for packages 'citation("pkgname")'.
    
    ! Package pdftex.def Error: File `D:/RCompile/CRANpkg/local/4.0/pulseTD.Rcheck/
    vign_test/pulseTD/vignettes/tutorial_files/figure-latex/plotRatest,any\%20time-
    1.pdf' not found.
    
    Error: processing vignette 'tutorial.Rmd' failed with diagnostics:
    LaTeX failed to compile D:/RCompile/CRANpkg/local/4.0/pulseTD.Rcheck/vign_test/pulseTD/vignettes/tutorial.tex. See https://yihui.org/tinytex/r/#debugging for debugging tips. See tutorial.log for more info.
    --- failed re-building 'tutorial.Rmd'
    
    SUMMARY: processing the following file failed:
     'tutorial.Rmd'
    
    Error: Vignette re-building failed.
    Execution halted
Flavor: r-devel-windows-ix86+x86_64

Version: 0.1.0
Check: re-building of vignette outputs
Result: WARN
    Error(s) in re-building vignettes:
    --- re-building 'tutorial.Rmd' using rmarkdown
    Loading required package: GenomicFeatures
    Loading required package: BiocGenerics
    Loading required package: parallel
    
    Attaching package: 'BiocGenerics'
    
    The following objects are masked from 'package:parallel':
    
     clusterApply, clusterApplyLB, clusterCall, clusterEvalQ,
     clusterExport, clusterMap, parApply, parCapply, parLapply,
     parLapplyLB, parRapply, parSapply, parSapplyLB
    
    The following objects are masked from 'package:stats':
    
     IQR, mad, sd, var, xtabs
    
    The following objects are masked from 'package:base':
    
     Filter, Find, Map, Position, Reduce, anyDuplicated, append,
     as.data.frame, basename, cbind, colnames, dirname, do.call,
     duplicated, eval, evalq, get, grep, grepl, intersect, is.unsorted,
     lapply, mapply, match, mget, order, paste, pmax, pmax.int, pmin,
     pmin.int, rank, rbind, rownames, sapply, setdiff, sort, table,
     tapply, union, unique, unsplit, which, which.max, which.min
    
    Loading required package: S4Vectors
    Loading required package: stats4
    
    Attaching package: 'S4Vectors'
    
    The following object is masked from 'package:base':
    
     expand.grid
    
    Loading required package: IRanges
    
    Attaching package: 'IRanges'
    
    The following object is masked from 'package:grDevices':
    
     windows
    
    Loading required package: GenomeInfoDb
    Loading required package: GenomicRanges
    Loading required package: AnnotationDbi
    Loading required package: Biobase
    Welcome to Bioconductor
    
     Vignettes contain introductory material; view with
     'browseVignettes()'. To cite Bioconductor, see
     'citation("Biobase")', and for packages 'citation("pkgname")'.
    
    ! Package pdftex.def Error: File `D:/RCompile/CRANpkg/local/4.0gcc8/pulseTD.Rch
    eck/vign_test/pulseTD/vignettes/tutorial_files/figure-latex/plotRatest,any\%20t
    ime-1.pdf' not found.
    
    Error: processing vignette 'tutorial.Rmd' failed with diagnostics:
    LaTeX failed to compile D:/RCompile/CRANpkg/local/4.0gcc8/pulseTD.Rcheck/vign_test/pulseTD/vignettes/tutorial.tex. See https://yihui.org/tinytex/r/#debugging for debugging tips. See tutorial.log for more info.
    --- failed re-building 'tutorial.Rmd'
    
    SUMMARY: processing the following file failed:
     'tutorial.Rmd'
    
    Error: Vignette re-building failed.
    Execution halted
Flavor: r-devel-windows-ix86+x86_64-gcc8

Version: 0.1.0
Check: re-building of vignette outputs
Result: WARN
    Error(s) in re-building vignettes:
    --- re-building 'tutorial.Rmd' using rmarkdown
    Loading required package: GenomicFeatures
    Loading required package: BiocGenerics
    Loading required package: parallel
    
    Attaching package: 'BiocGenerics'
    
    The following objects are masked from 'package:parallel':
    
     clusterApply, clusterApplyLB, clusterCall, clusterEvalQ,
     clusterExport, clusterMap, parApply, parCapply, parLapply,
     parLapplyLB, parRapply, parSapply, parSapplyLB
    
    The following objects are masked from 'package:stats':
    
     IQR, mad, sd, var, xtabs
    
    The following objects are masked from 'package:base':
    
     Filter, Find, Map, Position, Reduce, anyDuplicated, append,
     as.data.frame, basename, cbind, colnames, dirname, do.call,
     duplicated, eval, evalq, get, grep, grepl, intersect, is.unsorted,
     lapply, mapply, match, mget, order, paste, pmax, pmax.int, pmin,
     pmin.int, rank, rbind, rownames, sapply, setdiff, sort, table,
     tapply, union, unique, unsplit, which, which.max, which.min
    
    Loading required package: S4Vectors
    Loading required package: stats4
    
    Attaching package: 'S4Vectors'
    
    The following object is masked from 'package:base':
    
     expand.grid
    
    Loading required package: IRanges
    
    Attaching package: 'IRanges'
    
    The following object is masked from 'package:grDevices':
    
     windows
    
    Loading required package: GenomeInfoDb
    Loading required package: GenomicRanges
    Loading required package: AnnotationDbi
    Loading required package: Biobase
    Welcome to Bioconductor
    
     Vignettes contain introductory material; view with
     'browseVignettes()'. To cite Bioconductor, see
     'citation("Biobase")', and for packages 'citation("pkgname")'.
    
    ! Package pdftex.def Error: File `d:/RCompile/CRANpkg/local/3.6/pulseTD.Rcheck/
    vign_test/pulseTD/vignettes/tutorial_files/figure-latex/plotRatest,any\%20time-
    1.pdf' not found.
    
    Error: processing vignette 'tutorial.Rmd' failed with diagnostics:
    LaTeX failed to compile d:/RCompile/CRANpkg/local/3.6/pulseTD.Rcheck/vign_test/pulseTD/vignettes/tutorial.tex. See https://yihui.org/tinytex/r/#debugging for debugging tips. See tutorial.log for more info.
    --- failed re-building 'tutorial.Rmd'
    
    SUMMARY: processing the following file failed:
     'tutorial.Rmd'
    
    Error: Vignette re-building failed.
    Execution halted
Flavor: r-release-windows-ix86+x86_64

Version: 0.1.0
Check: package dependencies
Result: NOTE
    Package suggested but not available for checking: ‘TxDb.Hsapiens.UCSC.hg19.knownGene’
Flavor: r-release-osx-x86_64

Version: 0.1.0
Check: whether package can be installed
Result: ERROR
    Installation failed.
Flavor: r-release-osx-x86_64

Version: 0.1.0
Check: re-building of vignette outputs
Result: WARN
    Error in re-building vignettes:
     ...
    Loading required package: GenomicFeatures
    Loading required package: BiocGenerics
    Loading required package: parallel
    
    Attaching package: 'BiocGenerics'
    
    The following objects are masked from 'package:parallel':
    
     clusterApply, clusterApplyLB, clusterCall, clusterEvalQ,
     clusterExport, clusterMap, parApply, parCapply, parLapply,
     parLapplyLB, parRapply, parSapply, parSapplyLB
    
    The following objects are masked from 'package:stats':
    
     IQR, mad, sd, var, xtabs
    
    The following objects are masked from 'package:base':
    
     Filter, Find, Map, Position, Reduce, anyDuplicated, append,
     as.data.frame, basename, cbind, colMeans, colSums, colnames,
     dirname, do.call, duplicated, eval, evalq, get, grep, grepl,
     intersect, is.unsorted, lapply, lengths, mapply, match, mget,
     order, paste, pmax, pmax.int, pmin, pmin.int, rank, rbind,
     rowMeans, rowSums, rownames, sapply, setdiff, sort, table, tapply,
     union, unique, unsplit, which, which.max, which.min
    
    Loading required package: S4Vectors
    Loading required package: stats4
    
    Attaching package: 'S4Vectors'
    
    The following object is masked from 'package:base':
    
     expand.grid
    
    Loading required package: IRanges
    
    Attaching package: 'IRanges'
    
    The following object is masked from 'package:grDevices':
    
     windows
    
    Loading required package: GenomeInfoDb
    Loading required package: GenomicRanges
    Loading required package: AnnotationDbi
    Loading required package: Biobase
    Welcome to Bioconductor
    
     Vignettes contain introductory material; view with
     'browseVignettes()'. To cite Bioconductor, see
     'citation("Biobase")', and for packages 'citation("pkgname")'.
    
    ! Package pdftex.def Error: File `d:/RCompile/CRANpkg/local/3.5/pulseTD.Rcheck/
    vign_test/pulseTD/vignettes/tutorial_files/figure-latex/plotRatest,any\%20time-
    1.pdf' not found.
    
    Error: processing vignette 'tutorial.Rmd' failed with diagnostics:
    LaTeX failed to compile d:/RCompile/CRANpkg/local/3.5/pulseTD.Rcheck/vign_test/pulseTD/vignettes/tutorial.tex. See https://yihui.org/tinytex/r/#debugging for debugging tips. See tutorial.log for more info.
    Execution halted
Flavor: r-oldrel-windows-ix86+x86_64

Version: 0.1.0
Check: package dependencies
Result: ERROR
    Packages required but not available:
     ‘Rsamtools’ ‘GenomicFeatures’ ‘GenomicAlignments’
    
    Package suggested but not available for checking: ‘TxDb.Hsapiens.UCSC.hg19.knownGene’
    
    See section ‘The DESCRIPTION file’ in the ‘Writing R Extensions’
    manual.
Flavor: r-oldrel-osx-x86_64