Last updated on 2023-09-25 08:02:35 CEST.
Flavor | Version | Tinstall | Tcheck | Ttotal | Status | Flags |
---|---|---|---|---|---|---|
r-devel-linux-x86_64-debian-clang | 2.0.3 | 3.36 | 36.08 | 39.44 | NOTE | |
r-devel-linux-x86_64-debian-gcc | 2.0.3 | 3.03 | 28.27 | 31.30 | NOTE | |
r-devel-linux-x86_64-fedora-clang | 2.0.3 | 51.01 | NOTE | |||
r-devel-linux-x86_64-fedora-gcc | 2.0.3 | 48.21 | NOTE | |||
r-devel-windows-x86_64 | 2.0.3 | 6.00 | 55.00 | 61.00 | NOTE | |
r-patched-linux-x86_64 | 2.0.3 | 4.71 | 35.38 | 40.09 | OK | |
r-release-linux-x86_64 | 2.0.3 | 3.12 | 36.50 | 39.62 | OK | |
r-release-macos-arm64 | 2.0.3 | 19.00 | OK | |||
r-release-macos-x86_64 | 2.0.3 | 25.00 | OK | |||
r-release-windows-x86_64 | 2.0.3 | 6.00 | 61.00 | 67.00 | OK | |
r-oldrel-macos-arm64 | 2.0.3 | 19.00 | OK | |||
r-oldrel-macos-x86_64 | 2.0.3 | 25.00 | OK | |||
r-oldrel-windows-x86_64 | 2.0.3 | 6.00 | 53.00 | 59.00 | OK |
Version: 2.0.3
Check: Rd \usage sections
Result: NOTE
Documented arguments not in \usage in documentation object 'assert_correct_attributes':
‘expected_colnames’
Documented arguments not in \usage in documentation object 'geopath_to_tibble':
‘route’
Documented arguments not in \usage in documentation object 'run_to_tibble':
‘route’
Functions with \usage entries need to have the appropriate \alias
entries, and all their arguments documented.
The \usage entries must correspond to syntactically valid R code.
See chapter ‘Writing R documentation files’ in the ‘Writing R
Extensions’ manual.
Flavors: r-devel-linux-x86_64-debian-clang, r-devel-linux-x86_64-debian-gcc, r-devel-linux-x86_64-fedora-clang, r-devel-linux-x86_64-fedora-gcc, r-devel-windows-x86_64