CRAN Package Check Results for Package ptest

Last updated on 2020-08-03 20:47:05 CEST.

Flavor Version Tinstall Tcheck Ttotal Status Flags
r-devel-linux-x86_64-debian-clang 1.0-8 10.58 96.61 107.19 OK
r-devel-linux-x86_64-debian-gcc 1.0-8 8.79 74.17 82.96 OK
r-devel-linux-x86_64-fedora-clang 1.0-8 131.04 NOTE
r-devel-linux-x86_64-fedora-gcc 1.0-8 122.56 NOTE
r-devel-windows-ix86+x86_64 1.0-8 31.00 127.00 158.00 OK
r-patched-linux-x86_64 1.0-8 9.97 92.03 102.00 OK
r-patched-solaris-x86 1.0-8 190.20 OK
r-release-linux-x86_64 1.0-8 10.70 92.44 103.14 OK
r-release-macos-x86_64 1.0-8 OK
r-release-windows-ix86+x86_64 1.0-8 34.00 177.00 211.00 OK
r-oldrel-macos-x86_64 1.0-8 OK
r-oldrel-windows-ix86+x86_64 1.0-8 20.00 128.00 148.00 OK

Check Details

Version: 1.0-8
Check: compiled code
Result: NOTE
    File ‘ptest/libs/ptest.so’:
     Found no calls to: ‘R_registerRoutines’, ‘R_useDynamicSymbols’
    
    It is good practice to register native routines and to disable symbol
    search.
    
    See ‘Writing portable packages’ in the ‘Writing R Extensions’ manual.
Flavors: r-devel-linux-x86_64-fedora-clang, r-devel-linux-x86_64-fedora-gcc