CRAN Package Check Results for Package psyverse

Last updated on 2022-11-30 03:58:31 CET.

Flavor Version Tinstall Tcheck Ttotal Status Flags
r-devel-linux-x86_64-debian-clang 0.2.4 3.52 43.16 46.68 OK
r-devel-linux-x86_64-debian-gcc 0.2.4 2.71 32.20 34.91 OK
r-devel-linux-x86_64-fedora-clang 0.2.4 67.36 OK
r-devel-linux-x86_64-fedora-gcc 0.2.4 67.14 OK
r-devel-windows-x86_64 0.2.4 39.00 86.00 125.00 OK
r-patched-linux-x86_64 0.2.4 4.35 39.50 43.85 OK
r-release-linux-x86_64 0.2.4 2.87 41.04 43.91 OK
r-release-macos-arm64 0.1.0 18.00 NOTE
r-release-macos-x86_64 0.2.4 30.00 OK
r-release-windows-x86_64 0.2.4 31.00 81.00 112.00 OK
r-oldrel-macos-arm64 0.1.0 21.00 NOTE
r-oldrel-macos-x86_64 0.2.4 35.00 OK
r-oldrel-windows-ix86+x86_64 0.2.4 7.00 72.00 79.00 OK

Check Details

Version: 0.1.0
Check: dependencies in R code
Result: NOTE
    Namespace in Imports field not imported from: ‘yaml’
     All declared Imports should be used.
Flavors: r-release-macos-arm64, r-oldrel-macos-arm64

Version: 0.1.0
Check: LazyData
Result: NOTE
     'LazyData' is specified without a 'data' directory
Flavors: r-release-macos-arm64, r-oldrel-macos-arm64