CRAN Package Check Results for Package psycModel

Last updated on 2021-10-28 18:51:22 CEST.

Flavor Version Tinstall Tcheck Ttotal Status Flags
r-devel-linux-x86_64-debian-clang 0.3.2 8.16 218.50 226.66 OK
r-devel-linux-x86_64-debian-gcc 0.3.2 5.86 159.44 165.30 OK
r-devel-linux-x86_64-fedora-clang 0.3.2 269.93 NOTE
r-devel-linux-x86_64-fedora-gcc 0.3.2 263.65 NOTE
r-devel-windows-x86_64 0.3.2 13.00 208.00 221.00 OK
r-devel-windows-x86_64-gcc10-UCRT 0.3.2 NOTE
r-patched-linux-x86_64 0.3.2 7.56 205.27 212.83 OK
r-patched-solaris-x86 0.3.2 287.50 NOTE
r-release-linux-x86_64 0.3.2 6.02 207.65 213.67 OK
r-release-macos-arm64 0.3.2 NOTE
r-release-macos-x86_64 0.3.2 NOTE
r-release-windows-ix86+x86_64 0.3.2 12.00 238.00 250.00 OK
r-oldrel-macos-x86_64 0.3.2 NOTE
r-oldrel-windows-ix86+x86_64 0.3.2 13.00 235.00 248.00 OK

Check Details

Version: 0.3.2
Check: dependencies in R code
Result: NOTE
    Namespaces in Imports field not imported from:
     ‘lifecycle’ ‘patchwork’
     All declared Imports should be used.
Flavors: r-devel-linux-x86_64-fedora-clang, r-devel-linux-x86_64-fedora-gcc, r-devel-windows-x86_64-gcc10-UCRT, r-patched-solaris-x86, r-release-macos-arm64, r-release-macos-x86_64, r-oldrel-macos-x86_64