CRAN Package Check Results for Package pstest

Last updated on 2022-06-26 07:53:50 CEST.

Flavor Version Tinstall Tcheck Ttotal Status Flags
r-devel-linux-x86_64-debian-clang 0.1.3.900 2.74 27.42 30.16 NOTE
r-devel-linux-x86_64-debian-gcc 0.1.3.900 2.30 20.88 23.18 NOTE
r-devel-linux-x86_64-fedora-clang 0.1.3.900 47.01 NOTE
r-devel-linux-x86_64-fedora-gcc 0.1.3.900 46.51 NOTE
r-devel-windows-x86_64 0.1.3.900 12.00 54.00 66.00 NOTE
r-patched-linux-x86_64 0.1.3.900 3.14 26.85 29.99 NOTE
r-release-linux-x86_64 0.1.3.900 2.19 26.97 29.16 NOTE
r-release-macos-arm64 0.1.3.900 16.00 NOTE
r-release-macos-x86_64 0.1.3.900 22.00 NOTE
r-release-windows-x86_64 0.1.3.900 9.00 52.00 61.00 NOTE
r-oldrel-macos-arm64 0.1.3.900 19.00 NOTE
r-oldrel-macos-x86_64 0.1.3.900 30.00 NOTE
r-oldrel-windows-ix86+x86_64 0.1.3.900 7.00 44.00 51.00 NOTE

Check Details

Version: 0.1.3.900
Check: LazyData
Result: NOTE
     'LazyData' is specified without a 'data' directory
Flavors: r-devel-linux-x86_64-debian-clang, r-devel-linux-x86_64-debian-gcc, r-devel-linux-x86_64-fedora-clang, r-devel-linux-x86_64-fedora-gcc, r-devel-windows-x86_64, r-patched-linux-x86_64, r-release-linux-x86_64, r-release-macos-arm64, r-release-macos-x86_64, r-release-windows-x86_64, r-oldrel-macos-arm64, r-oldrel-macos-x86_64, r-oldrel-windows-ix86+x86_64