Last updated on 2022-08-12 12:56:16 CEST.
Flavor | Version | Tinstall | Tcheck | Ttotal | Status | Flags |
---|---|---|---|---|---|---|
r-devel-linux-x86_64-debian-clang | 1.0.3 | 11.46 | 117.52 | 128.98 | NOTE | |
r-devel-linux-x86_64-debian-gcc | 1.0.3 | 9.42 | 87.69 | 97.11 | NOTE | |
r-devel-linux-x86_64-fedora-clang | 1.0.3 | 162.47 | NOTE | |||
r-devel-linux-x86_64-fedora-gcc | 1.0.3 | 160.33 | NOTE | |||
r-devel-windows-x86_64 | 1.0.3 | 27.00 | 132.00 | 159.00 | NOTE | |
r-patched-linux-x86_64 | 1.0.3 | 12.24 | 109.99 | 122.23 | NOTE | |
r-release-linux-x86_64 | 1.0.3 | 12.69 | 110.77 | 123.46 | NOTE | |
r-release-macos-arm64 | 1.0.3 | 56.00 | NOTE | |||
r-release-macos-x86_64 | 1.0.3 | 74.00 | NOTE | |||
r-release-windows-x86_64 | 1.0.3 | 26.00 | 137.00 | 163.00 | NOTE | |
r-oldrel-macos-arm64 | 1.0.3 | 53.00 | NOTE | |||
r-oldrel-macos-x86_64 | 1.0.3 | 88.00 | NOTE | |||
r-oldrel-windows-ix86+x86_64 | 1.0.3 | 26.00 | 129.00 | 155.00 | NOTE |
Version: 1.0.3
Check: LazyData
Result: NOTE
'LazyData' is specified without a 'data' directory
Flavors: r-devel-linux-x86_64-debian-clang, r-devel-linux-x86_64-debian-gcc, r-devel-linux-x86_64-fedora-clang, r-devel-linux-x86_64-fedora-gcc, r-devel-windows-x86_64, r-patched-linux-x86_64, r-release-linux-x86_64, r-release-macos-arm64, r-release-macos-x86_64, r-release-windows-x86_64, r-oldrel-macos-arm64, r-oldrel-macos-x86_64, r-oldrel-windows-ix86+x86_64