CRAN Package Check Results for Package psgp

Last updated on 2021-12-08 09:53:38 CET.

Flavor Version Tinstall Tcheck Ttotal Status Flags
r-devel-linux-x86_64-debian-clang 0.3-19 257.24 75.07 332.31 OK
r-devel-linux-x86_64-debian-gcc 0.3-19 182.76 58.43 241.19 OK
r-devel-linux-x86_64-fedora-clang 0.3-19 527.57 NOTE
r-devel-linux-x86_64-fedora-gcc 0.3-19 449.81 OK
r-devel-windows-x86_64-new-UL 0.3-19 332.00 132.00 464.00 OK
r-devel-windows-x86_64-new-TK 0.3-19 OK
r-devel-windows-x86_64-old 0.3-19 345.00 74.00 419.00 OK
r-patched-linux-x86_64 0.3-19 234.54 71.98 306.52 OK
r-release-linux-x86_64 0.3-19 227.03 71.45 298.48 OK
r-release-macos-arm64 0.3-19 NOTE
r-release-macos-x86_64 0.3-19 NOTE
r-release-windows-ix86+x86_64 0.3-19 508.00 135.00 643.00 OK
r-oldrel-macos-x86_64 0.3-19 NOTE
r-oldrel-windows-ix86+x86_64 0.3-19 669.00 141.00 810.00 OK

Check Details

Version: 0.3-19
Check: installed package size
Result: NOTE
     installed size is 7.4Mb
     sub-directories of 1Mb or more:
     libs 7.3Mb
Flavors: r-devel-linux-x86_64-fedora-clang, r-release-macos-arm64, r-release-macos-x86_64, r-oldrel-macos-x86_64