Last updated on 2023-03-22 04:52:53 CET.
Flavor | Version | Tinstall | Tcheck | Ttotal | Status | Flags |
---|---|---|---|---|---|---|
r-devel-linux-x86_64-debian-clang | 1.3.1 | 3.40 | 186.40 | 189.80 | NOTE | |
r-devel-linux-x86_64-debian-gcc | 1.3.1 | 2.86 | 137.71 | 140.57 | NOTE | |
r-devel-linux-x86_64-fedora-clang | 1.3.1 | 235.93 | NOTE | |||
r-devel-linux-x86_64-fedora-gcc | 1.3.1 | 245.17 | NOTE | |||
r-patched-linux-x86_64 | 1.3.1 | 4.99 | 177.06 | 182.05 | NOTE | |
r-release-linux-x86_64 | 1.3.1 | 4.46 | 178.80 | 183.26 | NOTE | |
r-release-macos-arm64 | 1.3.1 | 52.00 | NOTE | |||
r-release-macos-x86_64 | 1.3.1 | 84.00 | NOTE | |||
r-release-windows-x86_64 | 1.3.1 | 21.00 | 224.00 | 245.00 | NOTE | |
r-oldrel-macos-arm64 | 1.3.1 | 72.00 | NOTE | |||
r-oldrel-macos-x86_64 | 1.3.1 | 112.00 | NOTE | |||
r-oldrel-windows-ix86+x86_64 | 1.3.1 | 9.00 | 231.00 | 240.00 | NOTE |
Version: 1.3.1
Check: LazyData
Result: NOTE
'LazyData' is specified without a 'data' directory
Flavors: r-devel-linux-x86_64-debian-clang, r-devel-linux-x86_64-debian-gcc, r-devel-linux-x86_64-fedora-clang, r-devel-linux-x86_64-fedora-gcc, r-patched-linux-x86_64, r-release-linux-x86_64, r-release-macos-arm64, r-release-macos-x86_64, r-release-windows-x86_64, r-oldrel-macos-arm64, r-oldrel-macos-x86_64, r-oldrel-windows-ix86+x86_64