CRAN Package Check Results for Package psda

Last updated on 2019-04-20 14:46:55 CEST.

Flavor Version Tinstall Tcheck Ttotal Status Flags
r-devel-linux-x86_64-debian-clang 1.3.1 2.43 28.91 31.34 OK
r-devel-linux-x86_64-debian-gcc 1.3.1 2.72 26.72 29.44 OK
r-devel-linux-x86_64-fedora-clang 1.3.1 37.13 NOTE
r-devel-linux-x86_64-fedora-gcc 1.3.1 35.27 NOTE
r-devel-windows-ix86+x86_64 1.3.1 9.00 55.00 64.00 OK
r-patched-linux-x86_64 1.3.1 2.63 28.69 31.32 OK
r-patched-solaris-x86 1.3.1 55.70 NOTE
r-release-linux-x86_64 1.3.1 1.77 28.65 30.42 OK
r-release-windows-ix86+x86_64 1.3.1 4.00 53.00 57.00 OK
r-release-osx-x86_64 1.3.1 NOTE
r-oldrel-windows-ix86+x86_64 1.3.1 6.00 58.00 64.00 OK
r-oldrel-osx-x86_64 1.3.0 OK

Check Details

Version: 1.3.1
Check: dependencies in R code
Result: NOTE
    Namespace in Imports field not imported from: ‘raster’
     All declared Imports should be used.
Flavors: r-devel-linux-x86_64-fedora-clang, r-devel-linux-x86_64-fedora-gcc, r-patched-solaris-x86, r-release-osx-x86_64