CRAN Package Check Results for Package psda

Last updated on 2019-06-24 15:48:23 CEST.

Flavor Version Tinstall Tcheck Ttotal Status Flags
r-devel-linux-x86_64-debian-clang 1.3.1 2.66 28.50 31.16 OK
r-devel-linux-x86_64-debian-gcc 1.3.1 2.12 22.80 24.92 OK
r-devel-linux-x86_64-fedora-clang 1.3.1 37.62 NOTE
r-devel-linux-x86_64-fedora-gcc 1.3.1 36.29 NOTE
r-devel-windows-ix86+x86_64 1.3.1 10.00 45.00 55.00 OK
r-patched-linux-x86_64 1.3.1 2.60 28.79 31.39 OK
r-patched-solaris-x86 1.3.1 58.80 NOTE
r-release-linux-x86_64 1.3.1 2.83 28.69 31.52 OK
r-release-windows-ix86+x86_64 1.3.1 6.00 44.00 50.00 OK
r-release-osx-x86_64 1.3.1 NOTE
r-oldrel-windows-ix86+x86_64 1.3.1 5.00 38.00 43.00 OK
r-oldrel-osx-x86_64 1.3.1 NOTE

Check Details

Version: 1.3.1
Check: dependencies in R code
Result: NOTE
    Namespace in Imports field not imported from: ‘raster’
     All declared Imports should be used.
Flavors: r-devel-linux-x86_64-fedora-clang, r-devel-linux-x86_64-fedora-gcc, r-patched-solaris-x86, r-release-osx-x86_64, r-oldrel-osx-x86_64