CRAN Package Check Results for Package psd

Last updated on 2024-06-14 00:53:54 CEST.

Flavor Version Tinstall Tcheck Ttotal Status Flags
r-devel-linux-x86_64-debian-clang 2.1.1 55.89 113.11 169.00 NOTE
r-devel-linux-x86_64-debian-gcc 2.1.1 34.55 75.94 110.49 ERROR
r-devel-linux-x86_64-fedora-clang 2.1.1 219.01 NOTE
r-devel-linux-x86_64-fedora-gcc 2.1.1 233.76 NOTE
r-devel-windows-x86_64 2.1.1 39.00 186.00 225.00 NOTE
r-patched-linux-x86_64 2.1.1 46.90 111.50 158.40 NOTE
r-release-linux-x86_64 2.1.1 42.47 109.68 152.15 NOTE
r-release-macos-arm64 2.1.1 68.00 NOTE
r-release-macos-x86_64 2.1.1 80.00 ERROR
r-release-windows-x86_64 2.1.1 41.00 188.00 229.00 NOTE
r-oldrel-macos-arm64 2.1.1 73.00 NOTE
r-oldrel-macos-x86_64 2.1.1 126.00 NOTE
r-oldrel-windows-x86_64 2.1.1 50.00 195.00 245.00 OK

Check Details

Version: 2.1.1
Check: Rd files
Result: NOTE checkRd: (-1) riedsid.Rd:92-93: Lost braces in \itemize; meant \describe ? checkRd: (-1) riedsid.Rd:94-96: Lost braces in \itemize; meant \describe ? Flavors: r-devel-linux-x86_64-debian-clang, r-devel-linux-x86_64-debian-gcc, r-devel-linux-x86_64-fedora-clang, r-devel-linux-x86_64-fedora-gcc, r-devel-windows-x86_64, r-patched-linux-x86_64, r-release-linux-x86_64, r-release-macos-arm64, r-release-macos-x86_64, r-release-windows-x86_64

Version: 2.1.1
Check: package dependencies
Result: NOTE Packages suggested but not available for checking: 'ggplot2', 'reshape2', 'testthat' Flavor: r-devel-linux-x86_64-debian-gcc

Version: 2.1.1
Check: tests
Result: ERROR Running ‘testthat.R’ [0s/0s] Running the tests in ‘tests/testthat.R’ failed. Complete output: > # > # The Hadley-verse is an amazing place: unit testing via testthat > # See also http://r-pkgs.had.co.nz/tests.html > # > library(testthat) Error in library(testthat) : there is no package called 'testthat' Execution halted Flavor: r-devel-linux-x86_64-debian-gcc

Version: 2.1.1
Check: re-building of vignette outputs
Result: ERROR Error(s) in re-building vignettes: ... --- re-building ‘fftw.Rnw’ using knitr --- finished re-building ‘fftw.Rnw’ --- re-building ‘multivariate.Rnw’ using knitr --- finished re-building ‘multivariate.Rnw’ --- re-building ‘normalization.Rnw’ using knitr --- finished re-building ‘normalization.Rnw’ --- re-building ‘psd_overview.Rnw’ using knitr Quitting from lines 439-442 [RSEISvsRLP2] (psd_overview.Rnw) Error: processing vignette 'psd_overview.Rnw' failed with diagnostics: there is no package called 'ggplot2' --- failed re-building ‘psd_overview.Rnw’ make[1]: Entering directory '/home/hornik/tmp/R.check/r-devel-gcc/Work/PKGS/psd.Rcheck/vign_test/psd/vignettes' /home/hornik/tmp/R.check/r-devel-gcc/Work/build/bin/Rscript -e "if (getRversion() >= '3.0.0') knitr::knit2pdf('fftw.Rnw') else tools::texi2pdf('fftw.tex')" processing file: fftw.Rnw output file: fftw.tex [1] "fftw.pdf" /home/hornik/tmp/R.check/r-devel-gcc/Work/build/bin/Rscript -e "if (getRversion() >= '3.0.0') knitr::knit2pdf('normalization.Rnw') else tools::texi2pdf('normalization.tex')" processing file: normalization.Rnw output file: normalization.tex [1] "normalization.pdf" /home/hornik/tmp/R.check/r-devel-gcc/Work/build/bin/Rscript -e "if (getRversion() >= '3.0.0') knitr::knit2pdf('psd_overview.Rnw') else tools::texi2pdf('psd_overview.tex')" processing file: psd_overview.Rnw output file: psd_overview.tex Warning: Package geometry Warning: The marginal notes overrun the paper. Warning: Add 4.86812pt and more to the right margin. Warning: LaTeX Warning: Float too large for page by 42.40903pt on input line 220. Warning: LaTeX Warning: Float too large for page by 30.36885pt on input line 284. Warning: LaTeX Warning: Float too large for page by 8.7244pt on input line 364. Warning: LaTeX Warning: Float too large for page by 42.68465pt on input line 595. [1] "psd_overview.pdf" /home/hornik/tmp/R.check/r-devel-gcc/Work/build/bin/Rscript -e "if (getRversion() >= '3.0.0') knitr::knit2pdf('multivariate.Rnw') else tools::texi2pdf('multivariate.tex')" processing file: multivariate.Rnw output file: multivariate.tex [1] "multivariate.pdf" make[1]: Leaving directory '/home/hornik/tmp/R.check/r-devel-gcc/Work/PKGS/psd.Rcheck/vign_test/psd/vignettes' make[1]: Entering directory '/home/hornik/tmp/R.check/r-devel-gcc/Work/PKGS/psd.Rcheck/vign_test/psd/vignettes' rm -rf *-concordance.tex *.bbl *.blg *.aux *.out *.log *.spl *.md figure/ *.idx *.ilg *.ind *.toc rm -f *.synctex.gz rm -f fftw.tex normalization.tex psd_overview.tex multivariate.tex make[1]: Leaving directory '/home/hornik/tmp/R.check/r-devel-gcc/Work/PKGS/psd.Rcheck/vign_test/psd/vignettes' SUMMARY: processing the following file failed: ‘psd_overview.Rnw’ Error: Vignette re-building failed. Execution halted Flavor: r-devel-linux-x86_64-debian-gcc

Version: 2.1.1
Check: installed package size
Result: NOTE installed size is 5.1Mb sub-directories of 1Mb or more: doc 1.5Mb libs 2.9Mb Flavors: r-release-macos-arm64, r-release-macos-x86_64, r-oldrel-macos-arm64, r-oldrel-macos-x86_64

Version: 2.1.1
Check: re-building of vignette outputs
Result: ERROR Error(s) in re-building vignettes: --- re-building ‘fftw.Rnw’ using knitr --- finished re-building ‘fftw.Rnw’ --- re-building ‘multivariate.Rnw’ using knitr --- finished re-building ‘multivariate.Rnw’ --- re-building ‘normalization.Rnw’ using knitr --- finished re-building ‘normalization.Rnw’ --- re-building ‘psd_overview.Rnw’ using knitr --- finished re-building ‘psd_overview.Rnw’ /Library/Frameworks/R.framework/Resources/bin/Rscript -e "if (getRversion() >= '3.0.0') knitr::knit2pdf('fftw.Rnw') else tools::texi2pdf('fftw.tex')" processing file: fftw.Rnw output file: fftw.tex ! Undefined control sequence. l.134 \hlkwd{rm}\hldef {(}\hlkwc{list}\hldef{=}\hlkwd{ls}\hldef{())} Error: LaTeX failed to compile fftw.tex. See https://yihui.org/tinytex/r/#debugging for debugging tips. See fftw.log for more info. Execution halted make: *** [fftw.pdf] Error 1 Error in tools::buildVignettes(dir = "/Volumes/Builds/packages/big-sur-x86_64/results/4.4/psd.Rcheck/vign_test/psd", : running 'make' failed Execution halted Flavor: r-release-macos-x86_64