CRAN Package Check Results for Package psd

Last updated on 2022-12-02 12:55:00 CET.

Flavor Version Tinstall Tcheck Ttotal Status Flags
r-devel-linux-x86_64-debian-clang 2.1.1 46.25 108.30 154.55 OK
r-devel-linux-x86_64-debian-gcc 2.1.1 36.75 81.72 118.47 OK
r-devel-linux-x86_64-fedora-clang 2.1.1 214.63 OK
r-devel-linux-x86_64-fedora-gcc 2.1.1 205.29 OK
r-devel-windows-x86_64 2.1.1 65.00 187.00 252.00 OK
r-patched-linux-x86_64 2.1.1 46.01 100.53 146.54 OK
r-release-linux-x86_64 2.1.1 36.93 97.32 134.25 OK
r-release-macos-arm64 2.1.1 65.00 NOTE
r-release-macos-x86_64 2.1.1 81.00 NOTE
r-release-windows-x86_64 2.1.1 66.00 185.00 251.00 OK
r-oldrel-macos-arm64 2.1.1 56.00 NOTE
r-oldrel-macos-x86_64 2.1.1 87.00 NOTE
r-oldrel-windows-ix86+x86_64 2.1.1 113.00 418.00 531.00 OK

Check Details

Version: 2.1.1
Check: installed package size
Result: NOTE
     installed size is 5.2Mb
     sub-directories of 1Mb or more:
     doc 1.5Mb
     libs 3.0Mb
Flavors: r-release-macos-arm64, r-release-macos-x86_64, r-oldrel-macos-arm64, r-oldrel-macos-x86_64