CRAN Package Check Results for Package pscore

Last updated on 2019-05-22 07:49:59 CEST.

Flavor Version Tinstall Tcheck Ttotal Status Flags
r-devel-linux-x86_64-debian-clang 0.1-2 3.82 47.57 51.39 NOTE
r-devel-linux-x86_64-debian-gcc 0.1-2 3.48 36.84 40.32 NOTE
r-devel-linux-x86_64-fedora-clang 0.1-2 62.34 NOTE
r-devel-linux-x86_64-fedora-gcc 0.1-2 58.04 NOTE
r-devel-windows-ix86+x86_64 0.1-2 12.00 87.00 99.00 NOTE
r-patched-linux-x86_64 0.1-2 3.85 46.39 50.24 NOTE
r-patched-solaris-x86 0.1-2 99.90 NOTE
r-release-linux-x86_64 0.1-2 3.88 46.08 49.96 NOTE
r-release-windows-ix86+x86_64 0.1-2 20.00 63.00 83.00 NOTE
r-release-osx-x86_64 0.1-2 NOTE
r-oldrel-windows-ix86+x86_64 0.1-2 8.00 62.00 70.00 NOTE
r-oldrel-osx-x86_64 0.1-2 NOTE

Check Details

Version: 0.1-2
Check: R code for possible problems
Result: NOTE
    mahalanobisComposite: no visible global function definition for
     'princomp'
    prepareComposite: no visible global function definition for 'cov'
    winsorizor : f: no visible global function definition for 'quantile'
    Undefined global functions or variables:
     cov princomp quantile
    Consider adding
     importFrom("stats", "cov", "princomp", "quantile")
    to your NAMESPACE file.
Flavors: r-devel-linux-x86_64-debian-clang, r-devel-linux-x86_64-debian-gcc, r-devel-linux-x86_64-fedora-clang, r-devel-linux-x86_64-fedora-gcc, r-devel-windows-ix86+x86_64, r-patched-linux-x86_64, r-patched-solaris-x86, r-release-linux-x86_64, r-release-windows-ix86+x86_64, r-release-osx-x86_64, r-oldrel-windows-ix86+x86_64, r-oldrel-osx-x86_64