CRAN Package Check Results for Package pscore

Last updated on 2019-08-24 23:48:12 CEST.

Flavor Version Tinstall Tcheck Ttotal Status Flags
r-devel-linux-x86_64-debian-clang 0.1-2 3.91 48.12 52.03 NOTE
r-devel-linux-x86_64-debian-gcc 0.1-2 3.33 37.21 40.54 NOTE
r-devel-linux-x86_64-fedora-clang 0.1-2 60.22 NOTE
r-devel-linux-x86_64-fedora-gcc 0.1-2 60.45 NOTE
r-devel-windows-ix86+x86_64 0.1-2 14.00 90.00 104.00 NOTE
r-patched-linux-x86_64 0.1-2 4.41 46.75 51.16 NOTE
r-patched-solaris-x86 0.1-2 101.50 NOTE
r-release-linux-x86_64 0.1-2 4.18 45.82 50.00 NOTE
r-release-windows-ix86+x86_64 0.1-2 23.00 100.00 123.00 NOTE
r-release-osx-x86_64 0.1-2 NOTE
r-oldrel-windows-ix86+x86_64 0.1-2 11.00 90.00 101.00 NOTE
r-oldrel-osx-x86_64 0.1-2 NOTE

Check Details

Version: 0.1-2
Check: R code for possible problems
Result: NOTE
    mahalanobisComposite: no visible global function definition for
     'princomp'
    prepareComposite: no visible global function definition for 'cov'
    winsorizor : f: no visible global function definition for 'quantile'
    Undefined global functions or variables:
     cov princomp quantile
    Consider adding
     importFrom("stats", "cov", "princomp", "quantile")
    to your NAMESPACE file.
Flavors: r-devel-linux-x86_64-debian-clang, r-devel-linux-x86_64-debian-gcc, r-devel-linux-x86_64-fedora-clang, r-devel-linux-x86_64-fedora-gcc, r-devel-windows-ix86+x86_64, r-patched-linux-x86_64, r-patched-solaris-x86, r-release-linux-x86_64, r-release-windows-ix86+x86_64, r-release-osx-x86_64, r-oldrel-windows-ix86+x86_64, r-oldrel-osx-x86_64