CRAN Package Check Results for Package ps

Last updated on 2019-03-24 09:47:07 CET.

Flavor Version Tinstall Tcheck Ttotal Status Flags
r-devel-linux-x86_64-debian-clang 1.3.0 6.14 49.23 55.37 WARN
r-devel-linux-x86_64-debian-gcc 1.3.0 3.84 40.84 44.68 OK
r-devel-linux-x86_64-fedora-clang 1.3.0 70.95 OK
r-devel-linux-x86_64-fedora-gcc 1.3.0 62.11 OK
r-devel-windows-ix86+x86_64 1.3.0 99.00 196.00 295.00 OK
r-patched-linux-x86_64 1.3.0 4.86 47.44 52.30 OK
r-patched-solaris-x86 1.3.0 50.90 OK
r-release-linux-x86_64 1.3.0 0.35 2.24 2.59 ERROR
r-release-windows-ix86+x86_64 1.3.0 46.00 125.00 171.00 OK
r-release-osx-x86_64 1.3.0 OK
r-oldrel-windows-ix86+x86_64 1.3.0 48.00 109.00 157.00 OK
r-oldrel-osx-x86_64 1.3.0 OK

Check Details

Version: 1.3.0
Check: whether package can be installed
Result: WARN
    Found the following significant warnings:
     Warning: unable to re-encode 'low-level.R' lines 567, 571, 577, 579, 582
Flavor: r-devel-linux-x86_64-debian-clang

Version: 1.3.0
Check: whether package can be installed
Result: ERROR
    Installation failed.
Flavor: r-release-linux-x86_64