CRAN Package Check Results for Package ps

Last updated on 2020-06-01 05:48:22 CEST.

Flavor Version Tinstall Tcheck Ttotal Status Flags
r-devel-linux-x86_64-debian-clang 1.3.3 6.16 42.82 48.98 OK
r-devel-linux-x86_64-debian-gcc 1.3.3 5.63 33.83 39.46 OK
r-devel-linux-x86_64-fedora-clang 1.3.3 71.64 OK
r-devel-linux-x86_64-fedora-gcc 1.3.3 62.59 OK
r-devel-windows-ix86+x86_64 1.3.3 65.00 136.00 201.00 OK
r-patched-linux-x86_64 1.3.3 5.01 41.92 46.93 OK
r-patched-solaris-x86 1.3.3 57.90 OK
r-release-linux-x86_64 1.3.3 6.00 43.09 49.09 OK
r-release-osx-x86_64 1.3.3 ERROR
r-release-windows-ix86+x86_64 1.3.3 53.00 181.00 234.00 OK
r-oldrel-osx-x86_64 1.3.3 OK
r-oldrel-windows-ix86+x86_64 1.3.3 96.00 123.00 219.00 OK

Check Details

Version: 1.3.3
Check: examples
Result: ERROR
    Running examples in ‘ps-Ex.R’ failed
    The error most likely occurred in:
    
    > ### Name: ps_connections
    > ### Title: List network connections of a process
    > ### Aliases: ps_connections
    >
    > ### ** Examples
    >
    > ## Don't show:
    > if (ps::ps_is_supported()) (if (getRversion() >= "3.4") withAutoprint else force)({ # examplesIf
    + ## End(Don't show)
    + p <- ps_handle()
    + ps_connections(p)
    + sc <- socketConnection("httpbin.org", port = 80)
    + ps_connections(p)
    + close(sc)
    + ps_connections(p)
    + ## Don't show:
    + }) # examplesIf
    > p <- ps_handle()
    > ps_connections(p)
    Error in loadNamespace(j <- i[[1L]], c(lib.loc, .libPaths()), versionCheck = vI[[j]]) :
     there is no package called ‘fansi’
    Calls: <Anonymous> ... loadNamespace -> withRestarts -> withOneRestart -> doWithOneRestart
    Execution halted
Flavor: r-release-osx-x86_64