CRAN Package Check Results for Package prqlr

Last updated on 2024-03-05 04:57:46 CET.

Flavor Version Tinstall Tcheck Ttotal Status Flags
r-devel-linux-x86_64-debian-clang 0.8.0 843.69 42.64 886.33 OK
r-devel-linux-x86_64-debian-gcc 0.8.0 658.80 32.33 691.13 OK
r-devel-linux-x86_64-fedora-clang 0.8.0 1295.10 NOTE
r-devel-linux-x86_64-fedora-gcc 0.8.0 1313.87 OK
r-devel-windows-x86_64 0.8.0 413.00 189.00 602.00 NOTE
r-patched-linux-x86_64 0.8.0 834.85 41.46 876.31 OK
r-release-linux-x86_64 0.8.0 829.36 40.54 869.90 OK
r-release-macos-arm64 0.8.0 220.00 NOTE
r-release-macos-x86_64 0.8.0 255.00 NOTE
r-release-windows-x86_64 0.8.0 391.00 221.00 612.00 NOTE
r-oldrel-macos-arm64 0.8.0 217.00 NOTE
r-oldrel-windows-x86_64 0.8.0 539.00 198.00 737.00 WARN

Check Details

Version: 0.8.0
Check: installed package size
Result: NOTE installed size is 19.2Mb sub-directories of 1Mb or more: libs 18.9Mb Flavors: r-devel-linux-x86_64-fedora-clang, r-devel-windows-x86_64, r-release-macos-arm64, r-release-macos-x86_64, r-release-windows-x86_64, r-oldrel-macos-arm64, r-oldrel-windows-x86_64

Version: 0.8.0
Check: whether package can be installed
Result: WARN Found the following significant warnings: Warning: corrupt .drectve at end of def file Flavor: r-oldrel-windows-x86_64