CRAN Package Check Results for Package provViz

Last updated on 2020-07-11 10:48:30 CEST.

Flavor Version Tinstall Tcheck Ttotal Status Flags
r-devel-linux-x86_64-debian-clang 1.0.6 2.22 17.68 19.90 NOTE
r-devel-linux-x86_64-debian-gcc 1.0.6 1.63 14.11 15.74 NOTE
r-devel-linux-x86_64-fedora-gcc 1.0.6 23.31 NOTE
r-devel-windows-ix86+x86_64 1.0.6 9.00 41.00 50.00 NOTE
r-patched-linux-x86_64 1.0.6 2.09 17.57 19.66 NOTE
r-patched-solaris-x86 1.0.6 37.40 NOTE
r-release-linux-x86_64 1.0.6 2.04 17.54 19.58 NOTE
r-release-osx-x86_64 1.0.6 NOTE
r-release-windows-ix86+x86_64 1.0.6 7.00 35.00 42.00 NOTE
r-oldrel-osx-x86_64 1.0.6 NOTE
r-oldrel-windows-ix86+x86_64 1.0.6 7.00 32.00 39.00 NOTE

Check Details

Version: 1.0.6
Check: package dependencies
Result: NOTE
    Package suggested but not available for checking: 'rdt'
Flavors: r-devel-linux-x86_64-debian-clang, r-devel-linux-x86_64-debian-gcc, r-devel-linux-x86_64-fedora-gcc, r-devel-windows-ix86+x86_64, r-patched-linux-x86_64, r-patched-solaris-x86, r-release-linux-x86_64, r-release-osx-x86_64, r-release-windows-ix86+x86_64, r-oldrel-osx-x86_64, r-oldrel-windows-ix86+x86_64