CRAN Package Check Results for Package provTraceR

Last updated on 2022-08-16 05:54:07 CEST.

Flavor Version Tinstall Tcheck Ttotal Status Flags
r-devel-linux-x86_64-debian-clang 1.0 2.76 26.37 29.13 NOTE
r-devel-linux-x86_64-debian-gcc 1.0 2.02 21.00 23.02 NOTE
r-devel-linux-x86_64-fedora-clang 1.0 48.32 NOTE
r-devel-linux-x86_64-fedora-gcc 1.0 48.18 NOTE
r-devel-windows-x86_64 1.0 21.00 60.00 81.00 NOTE
r-patched-linux-x86_64 1.0 2.73 25.57 28.30 NOTE
r-release-linux-x86_64 1.0 2.45 25.77 28.22 NOTE
r-release-macos-arm64 1.0 17.00 NOTE
r-release-macos-x86_64 1.0 25.00 NOTE
r-release-windows-x86_64 1.0 15.00 55.00 70.00 NOTE
r-oldrel-macos-arm64 1.0 21.00 NOTE
r-oldrel-macos-x86_64 1.0 29.00 NOTE
r-oldrel-windows-ix86+x86_64 1.0 5.00 51.00 56.00 NOTE

Check Details

Version: 1.0
Check: package dependencies
Result: NOTE
    Package suggested but not available for checking: 'rdt'
Flavors: r-devel-linux-x86_64-debian-clang, r-devel-linux-x86_64-debian-gcc, r-devel-linux-x86_64-fedora-clang, r-devel-linux-x86_64-fedora-gcc, r-devel-windows-x86_64, r-patched-linux-x86_64, r-release-linux-x86_64, r-release-macos-arm64, r-release-windows-x86_64, r-oldrel-macos-arm64, r-oldrel-macos-x86_64, r-oldrel-windows-ix86+x86_64

Version: 1.0
Check: LazyData
Result: NOTE
     'LazyData' is specified without a 'data' directory
Flavors: r-devel-linux-x86_64-debian-clang, r-devel-linux-x86_64-debian-gcc, r-devel-linux-x86_64-fedora-clang, r-devel-linux-x86_64-fedora-gcc, r-devel-windows-x86_64, r-patched-linux-x86_64, r-release-linux-x86_64, r-release-macos-arm64, r-release-macos-x86_64, r-release-windows-x86_64, r-oldrel-macos-arm64, r-oldrel-macos-x86_64, r-oldrel-windows-ix86+x86_64

Version: 1.0
Check: package dependencies
Result: NOTE
    Packages suggested but not available for checking: 'rdt', 'rdtLite'
Flavor: r-release-macos-x86_64