Last updated on 2021-01-20 13:47:51 CET.
Flavor | Version | Tinstall | Tcheck | Ttotal | Status | Flags |
---|---|---|---|---|---|---|
r-devel-linux-x86_64-debian-clang | 0.4.0 | 6.64 | 58.58 | 65.22 | OK | |
r-devel-linux-x86_64-debian-gcc | 0.4.0 | 5.96 | 44.76 | 50.72 | OK | |
r-devel-linux-x86_64-fedora-clang | 0.4.0 | 86.38 | NOTE | |||
r-devel-linux-x86_64-fedora-gcc | 0.4.0 | 77.98 | NOTE | |||
r-devel-windows-ix86+x86_64 | 0.4.0 | 12.00 | 72.00 | 84.00 | OK | |
r-patched-linux-x86_64 | 0.4.0 | 6.34 | 54.83 | 61.17 | OK | |
r-patched-solaris-x86 | 0.4.0 | 114.30 | NOTE | |||
r-release-linux-x86_64 | 0.4.0 | 7.15 | 55.22 | 62.37 | OK | |
r-release-macos-x86_64 | 0.4.0 | NOTE | ||||
r-release-windows-ix86+x86_64 | 0.4.0 | 14.00 | 64.00 | 78.00 | OK | |
r-oldrel-macos-x86_64 | 0.4.0 | NOTE | ||||
r-oldrel-windows-ix86+x86_64 | 0.4.0 | 11.00 | 62.00 | 73.00 | OK |
Version: 0.4.0
Check: data for non-ASCII characters
Result: NOTE
Note: found 12717 marked UTF-8 strings
Flavors: r-devel-linux-x86_64-fedora-clang, r-devel-linux-x86_64-fedora-gcc, r-patched-solaris-x86, r-release-macos-x86_64, r-oldrel-macos-x86_64