CRAN Package Check Results for Package proustr

Last updated on 2018-11-18 02:46:30 CET.

Flavor Version Tinstall Tcheck Ttotal Status Flags
r-devel-linux-x86_64-debian-clang 0.2.1 4.85 50.48 55.33 OK
r-devel-linux-x86_64-debian-gcc 0.2.1 4.74 39.30 44.04 OK
r-devel-linux-x86_64-fedora-clang 0.2.1 68.89 NOTE
r-devel-linux-x86_64-fedora-gcc 0.2.1 64.14 NOTE
r-devel-windows-ix86+x86_64 0.2.1 12.00 64.00 76.00 OK
r-patched-linux-x86_64 0.2.1 5.12 47.45 52.57 OK
r-patched-solaris-x86 0.2.1 110.10 NOTE
r-release-linux-x86_64 0.2.1 6.11 47.52 53.63 OK
r-release-windows-ix86+x86_64 0.2.1 12.00 67.00 79.00 OK
r-release-osx-x86_64 0.2.1 NOTE
r-oldrel-windows-ix86+x86_64 0.2.1 8.00 88.00 96.00 OK
r-oldrel-osx-x86_64 0.2.1 NOTE

Check Details

Version: 0.2.1
Check: data for non-ASCII characters
Result: NOTE
     Note: found 20105 marked UTF-8 strings
Flavors: r-devel-linux-x86_64-fedora-clang, r-devel-linux-x86_64-fedora-gcc, r-patched-solaris-x86, r-release-osx-x86_64, r-oldrel-osx-x86_64