CRAN Package Check Results for Package proustr

Last updated on 2020-10-21 08:49:23 CEST.

Flavor Version Tinstall Tcheck Ttotal Status Flags
r-devel-linux-x86_64-debian-clang 0.4.0 7.21 53.80 61.01 OK
r-devel-linux-x86_64-debian-gcc 0.4.0 5.84 41.50 47.34 OK
r-devel-linux-x86_64-fedora-clang 0.4.0 82.44 NOTE
r-devel-linux-x86_64-fedora-gcc 0.4.0 72.44 NOTE
r-devel-windows-ix86+x86_64 0.4.0 15.00 93.00 108.00 OK
r-patched-linux-x86_64 0.4.0 6.94 50.47 57.41 OK
r-patched-solaris-x86 0.4.0 124.00 NOTE
r-release-linux-x86_64 0.4.0 6.71 50.63 57.34 OK
r-release-macos-x86_64 0.4.0 NOTE
r-release-windows-ix86+x86_64 0.4.0 15.00 66.00 81.00 OK
r-oldrel-macos-x86_64 0.4.0 NOTE
r-oldrel-windows-ix86+x86_64 0.4.0 11.00 61.00 72.00 OK

Check Details

Version: 0.4.0
Check: data for non-ASCII characters
Result: NOTE
     Note: found 12717 marked UTF-8 strings
Flavors: r-devel-linux-x86_64-fedora-clang, r-devel-linux-x86_64-fedora-gcc, r-patched-solaris-x86, r-release-macos-x86_64, r-oldrel-macos-x86_64