CRAN Package Check Results for Package proustr

Last updated on 2019-01-20 16:50:00 CET.

Flavor Version Tinstall Tcheck Ttotal Status Flags
r-devel-linux-x86_64-debian-clang 0.2.1 5.34 52.28 57.62 OK
r-devel-linux-x86_64-debian-gcc 0.2.1 4.38 41.31 45.69 OK
r-devel-linux-x86_64-fedora-clang 0.2.1 67.30 NOTE
r-devel-linux-x86_64-fedora-gcc 0.2.1 64.39 NOTE
r-devel-windows-ix86+x86_64 0.2.1 12.00 112.00 124.00 OK
r-patched-linux-x86_64 0.2.1 4.69 49.31 54.00 OK
r-patched-solaris-x86 0.2.1 108.80 NOTE
r-release-linux-x86_64 0.2.1 5.27 48.43 53.70 OK
r-release-windows-ix86+x86_64 0.2.1 12.00 82.00 94.00 OK
r-release-osx-x86_64 0.2.1 NOTE
r-oldrel-windows-ix86+x86_64 0.2.1 12.00 92.00 104.00 OK
r-oldrel-osx-x86_64 0.2.1 NOTE

Check Details

Version: 0.2.1
Check: data for non-ASCII characters
Result: NOTE
     Note: found 20105 marked UTF-8 strings
Flavors: r-devel-linux-x86_64-fedora-clang, r-devel-linux-x86_64-fedora-gcc, r-patched-solaris-x86, r-release-osx-x86_64, r-oldrel-osx-x86_64