Last updated on 2023-09-25 08:02:35 CEST.
Flavor | Version | Tinstall | Tcheck | Ttotal | Status | Flags |
---|---|---|---|---|---|---|
r-devel-linux-x86_64-debian-clang | 0.4.0 | 8.02 | 64.42 | 72.44 | OK | |
r-devel-linux-x86_64-debian-gcc | 0.4.0 | 6.54 | 48.79 | 55.33 | OK | |
r-devel-linux-x86_64-fedora-clang | 0.4.0 | 90.18 | NOTE | |||
r-devel-linux-x86_64-fedora-gcc | 0.4.0 | 99.13 | NOTE | |||
r-devel-windows-x86_64 | 0.4.0 | 10.00 | 73.00 | 83.00 | OK | |
r-patched-linux-x86_64 | 0.4.0 | 8.59 | 60.28 | 68.87 | OK | |
r-release-linux-x86_64 | 0.4.0 | 5.45 | 61.30 | 66.75 | OK | |
r-release-macos-arm64 | 0.4.0 | 38.00 | OK | |||
r-release-macos-x86_64 | 0.4.0 | 54.00 | OK | |||
r-release-windows-x86_64 | 0.4.0 | 12.00 | 81.00 | 93.00 | OK | |
r-oldrel-macos-arm64 | 0.4.0 | 31.00 | NOTE | |||
r-oldrel-macos-x86_64 | 0.4.0 | 55.00 | NOTE | |||
r-oldrel-windows-x86_64 | 0.4.0 | 12.00 | 84.00 | 96.00 | OK |
Version: 0.4.0
Check: data for non-ASCII characters
Result: NOTE
Note: found 12717 marked UTF-8 strings
Flavors: r-devel-linux-x86_64-fedora-clang, r-devel-linux-x86_64-fedora-gcc, r-oldrel-macos-arm64, r-oldrel-macos-x86_64