CRAN Package Check Results for Package proustr

Last updated on 2023-01-30 20:55:54 CET.

Flavor Version Tinstall Tcheck Ttotal Status Flags
r-devel-linux-x86_64-debian-clang 0.4.0 8.73 67.36 76.09 OK
r-devel-linux-x86_64-debian-gcc 0.4.0 6.98 50.05 57.03 OK
r-devel-linux-x86_64-fedora-clang 0.4.0 95.76 NOTE
r-devel-linux-x86_64-fedora-gcc 0.4.0 101.82 NOTE
r-devel-windows-x86_64 0.4.0 30.00 102.00 132.00 OK
r-patched-linux-x86_64 0.4.0 8.83 66.30 75.13 OK
r-release-linux-x86_64 0.4.0 7.79 66.14 73.93 OK
r-release-macos-arm64 0.4.0 31.00 NOTE
r-release-macos-x86_64 0.4.0 55.00 NOTE
r-release-windows-x86_64 0.4.0 25.00 113.00 138.00 OK
r-oldrel-macos-arm64 0.4.0 32.00 NOTE
r-oldrel-macos-x86_64 0.4.0 46.00 NOTE
r-oldrel-windows-ix86+x86_64 0.4.0 20.00 95.00 115.00 OK

Check Details

Version: 0.4.0
Check: data for non-ASCII characters
Result: NOTE
     Note: found 12717 marked UTF-8 strings
Flavors: r-devel-linux-x86_64-fedora-clang, r-devel-linux-x86_64-fedora-gcc, r-release-macos-arm64, r-release-macos-x86_64, r-oldrel-macos-arm64, r-oldrel-macos-x86_64