CRAN Package Check Results for Package protr

Last updated on 2020-07-04 18:49:04 CEST.

Flavor Version Tinstall Tcheck Ttotal Status Flags
r-devel-linux-x86_64-debian-clang 1.6-2 20.75 107.55 128.30 OK
r-devel-linux-x86_64-debian-gcc 1.6-2 18.28 81.29 99.57 OK
r-devel-linux-x86_64-fedora-clang 1.6-2 165.99 OK
r-devel-linux-x86_64-fedora-gcc 1.6-2 139.94 OK
r-devel-windows-ix86+x86_64 1.6-2 34.00 108.00 142.00 OK
r-patched-linux-x86_64 1.6-2 19.95 106.45 126.40 OK
r-patched-solaris-x86 1.6-2 182.80 OK
r-release-linux-x86_64 1.6-2 18.72 106.91 125.63 OK
r-release-osx-x86_64 1.6-2 OK
r-release-windows-ix86+x86_64 1.6-2 28.00 100.00 128.00 OK
r-oldrel-osx-x86_64 1.6-2 NOTE
r-oldrel-windows-ix86+x86_64 1.6-2 28.00 123.00 151.00 OK

Check Details

Version: 1.6-2
Check: package dependencies
Result: NOTE
    Packages suggested but not available for checking:
     'Biostrings', 'GOSemSim', 'org.Hs.eg.db'
Flavor: r-oldrel-osx-x86_64