CRAN Package Check Results for Package protr

Last updated on 2019-12-14 03:49:07 CET.

Flavor Version Tinstall Tcheck Ttotal Status Flags
r-devel-linux-x86_64-debian-clang 1.6-2 22.61 107.27 129.88 OK
r-devel-linux-x86_64-debian-gcc 1.6-2 19.35 82.73 102.08 OK
r-devel-linux-x86_64-fedora-clang 1.6-2 159.36 OK
r-devel-linux-x86_64-fedora-gcc 1.6-2 138.55 OK
r-devel-windows-ix86+x86_64 1.6-2 29.00 135.00 164.00 OK
r-devel-windows-ix86+x86_64-gcc8 1.6-2 30.00 129.00 159.00 OK
r-patched-linux-x86_64 1.6-2 18.20 98.58 116.78 OK
r-patched-solaris-x86 1.6-2 165.80 OK
r-release-linux-x86_64 1.6-2 17.24 98.40 115.64 OK
r-release-windows-ix86+x86_64 1.6-2 29.00 102.00 131.00 OK
r-release-osx-x86_64 1.6-2 NOTE
r-oldrel-windows-ix86+x86_64 1.6-2 33.00 112.00 145.00 OK
r-oldrel-osx-x86_64 1.6-2 OK

Check Details

Version: 1.6-2
Check: package dependencies
Result: NOTE
    Packages suggested but not available for checking:
     'Biostrings', 'GOSemSim', 'org.Hs.eg.db'
Flavor: r-release-osx-x86_64