CRAN Package Check Results for Package prototest

Last updated on 2021-12-03 03:55:41 CET.

Flavor Version Tinstall Tcheck Ttotal Status Flags
r-devel-linux-x86_64-debian-clang 1.2 79.81 93.56 173.37 OK
r-devel-linux-x86_64-debian-gcc 1.2 55.74 71.87 127.61 OK
r-devel-linux-x86_64-fedora-clang 1.2 254.75 NOTE
r-devel-linux-x86_64-fedora-gcc 1.2 222.75 NOTE
r-devel-windows-x86_64-new-UL 1.2 104.00 148.00 252.00 OK
r-devel-windows-x86_64-new-TK 1.2 OK
r-devel-windows-x86_64-old 1.2 100.00 93.00 193.00 OK
r-patched-linux-x86_64 1.2 69.45 89.91 159.36 OK
r-patched-solaris-x86 1.2 239.60 OK
r-release-linux-x86_64 1.2 65.67 90.59 156.26 OK
r-release-macos-arm64 1.2 OK
r-release-macos-x86_64 1.2 OK
r-release-windows-ix86+x86_64 1.2 192.00 174.00 366.00 OK
r-oldrel-macos-x86_64 1.2 OK
r-oldrel-windows-ix86+x86_64 1.2 195.00 176.00 371.00 OK

Check Details

Version: 1.2
Check: compiled code
Result: NOTE
    File ‘prototest/libs/prototest.so’:
     Found no calls to: ‘R_registerRoutines’, ‘R_useDynamicSymbols’
    
    It is good practice to register native routines and to disable symbol
    search.
    
    See ‘Writing portable packages’ in the ‘Writing R Extensions’ manual.
Flavors: r-devel-linux-x86_64-fedora-clang, r-devel-linux-x86_64-fedora-gcc