CRAN Package Check Results for Package proteomics

Last updated on 2020-01-19 21:48:53 CET.

Flavor Version Tinstall Tcheck Ttotal Status Flags
r-devel-linux-x86_64-debian-clang 0.2 3.96 38.45 42.41 NOTE
r-devel-linux-x86_64-debian-gcc 0.2 3.56 30.08 33.64 NOTE
r-devel-linux-x86_64-fedora-clang 0.2 51.61 NOTE
r-devel-linux-x86_64-fedora-gcc 0.2 49.77 NOTE
r-devel-windows-ix86+x86_64 0.2 25.00 56.00 81.00 NOTE
r-devel-windows-ix86+x86_64-gcc8 0.2 13.00 72.00 85.00 NOTE
r-patched-linux-x86_64 0.2 3.42 34.68 38.10 NOTE
r-patched-solaris-x86 0.2 76.60 NOTE
r-release-linux-x86_64 0.2 3.80 34.04 37.84 NOTE
r-release-windows-ix86+x86_64 0.2 20.00 45.00 65.00 NOTE
r-release-osx-x86_64 0.2 NOTE
r-oldrel-windows-ix86+x86_64 0.2 8.00 78.00 86.00 NOTE
r-oldrel-osx-x86_64 0.2 NOTE

Check Details

Version: 0.2
Check: R code for possible problems
Result: NOTE
    addIonSatistics: no visible binding for global variable 'median'
    adjustOne: no visible binding for global variable 'median'
    attachModifications: no visible global function definition for
     'na.omit'
    avrgLoadingCalculation: no visible binding for global variable 'median'
    channelResponses : estimate: no visible binding for global variable
     'var'
    responseStatisics : func: no visible global function definition for
     'aggregate'
    testing: no visible global function definition for 'aov'
    testingOneshot: no visible global function definition for 'anova'
    testingTukey: no visible global function definition for 'TukeyHSD'
    Undefined global functions or variables:
     TukeyHSD aggregate anova aov median na.omit var
    Consider adding
     importFrom("stats", "TukeyHSD", "aggregate", "anova", "aov", "median",
     "na.omit", "var")
    to your NAMESPACE file.
Flavors: r-devel-linux-x86_64-debian-clang, r-devel-linux-x86_64-debian-gcc, r-devel-linux-x86_64-fedora-clang, r-devel-linux-x86_64-fedora-gcc, r-devel-windows-ix86+x86_64, r-devel-windows-ix86+x86_64-gcc8, r-patched-linux-x86_64, r-patched-solaris-x86, r-release-linux-x86_64, r-release-windows-ix86+x86_64, r-release-osx-x86_64, r-oldrel-windows-ix86+x86_64, r-oldrel-osx-x86_64