CRAN Package Check Results for Package protViz

Last updated on 2023-03-30 10:55:09 CEST.

Flavor Version Tinstall Tcheck Ttotal Status Flags
r-devel-linux-x86_64-debian-clang 0.7.7 52.74 105.43 158.17 OK
r-devel-linux-x86_64-debian-gcc 0.7.7 42.13 81.88 124.01 OK
r-devel-linux-x86_64-fedora-clang 0.7.7 224.39 NOTE
r-devel-linux-x86_64-fedora-gcc 0.7.7 215.56 OK
r-devel-windows-x86_64 0.7.7 104.00 0.00 104.00 OK
r-patched-linux-x86_64 0.7.7 49.91 101.78 151.69 OK
r-release-linux-x86_64 0.7.7 42.13 101.49 143.62 OK
r-release-macos-arm64 0.7.7 64.00 NOTE
r-release-macos-x86_64 0.7.7 89.00 NOTE
r-release-windows-x86_64 0.7.7 169.00 257.00 426.00 OK
r-oldrel-macos-arm64 0.7.7 65.00 NOTE
r-oldrel-macos-x86_64 0.7.7 94.00 NOTE
r-oldrel-windows-ix86+x86_64 0.7.7 126.00 207.00 333.00 NOTE

Check Details

Version: 0.7.7
Check: Rd cross-references
Result: NOTE
    Undeclared package ‘XML’ in Rd xrefs
Flavor: r-devel-linux-x86_64-fedora-clang

Version: 0.7.7
Check: installed package size
Result: NOTE
     installed size is 6.4Mb
     sub-directories of 1Mb or more:
     data 2.3Mb
     libs 3.1Mb
Flavors: r-release-macos-arm64, r-release-macos-x86_64, r-oldrel-macos-arm64, r-oldrel-macos-x86_64, r-oldrel-windows-ix86+x86_64