CRAN Package Check Results for Package promotionImpact

Last updated on 2020-01-19 19:48:02 CET.

Flavor Version Tinstall Tcheck Ttotal Status Flags
r-devel-linux-x86_64-debian-clang 0.1.2 11.73 82.88 94.61 OK
r-devel-linux-x86_64-debian-gcc 0.1.2 9.81 68.01 77.82 OK
r-devel-linux-x86_64-fedora-clang 0.1.2 111.02 OK
r-devel-linux-x86_64-fedora-gcc 0.1.2 114.46 OK
r-devel-windows-ix86+x86_64 0.1.2 248.00 95.00 343.00 OK
r-devel-windows-ix86+x86_64-gcc8 0.1.2 218.00 125.00 343.00 OK
r-patched-linux-x86_64 0.1.2 9.97 77.30 87.27 OK
r-patched-solaris-x86 0.1.2 85.90 ERROR
r-release-linux-x86_64 0.1.2 9.45 78.49 87.94 OK
r-release-windows-ix86+x86_64 0.1.2 246.00 90.00 336.00 OK
r-release-osx-x86_64 0.1.2 OK
r-oldrel-windows-ix86+x86_64 0.1.2 122.00 84.00 206.00 OK
r-oldrel-osx-x86_64 0.1.2 OK

Check Details

Version: 0.1.2
Check: whether the package can be loaded
Result: ERROR
    Loading this package had a fatal error status code 1
    Loading log:
    Loading required package: Rcpp
    Loading required package: dplyr
    
    Attaching package: ‘dplyr’
    
    The following objects are masked from ‘package:stats’:
    
     filter, lag
    
    The following objects are masked from ‘package:base’:
    
     intersect, setdiff, setequal, union
    
    Loading required package: ggplot2
    Loading required package: scales
    Error: package or namespace load failed for ‘promotionImpact’:
     .onLoad failed in loadNamespace() for 'prophet', details:
     call: sink(type = "output")
     error: invalid connection
    In addition: Warning message:
    In system(cmd, intern = !verbose) :
     running command '/home/ripley/R/cc/bin/R CMD SHLIB file2f8c3bba2464.cpp 2> file2f8c3bba2464.cpp.err.txt' had status 1 and error message 'Illegal seek'
    Execution halted
Flavor: r-patched-solaris-x86