CRAN Package Check Results for Package prolific.api

Last updated on 2023-12-04 20:10:09 CET.

Flavor Version Tinstall Tcheck Ttotal Status Flags
r-devel-linux-x86_64-debian-clang 0.5.2 4.23 52.26 56.49 NOTE
r-devel-linux-x86_64-debian-gcc 0.5.2 3.89 39.73 43.62 NOTE
r-devel-linux-x86_64-fedora-clang 0.5.2 71.35 OK
r-devel-linux-x86_64-fedora-gcc 0.5.2 79.37 OK
r-devel-windows-x86_64 0.5.2 6.00 70.00 76.00 OK
r-patched-linux-x86_64 0.5.2 4.94 49.72 54.66 OK
r-release-linux-x86_64 0.5.2 4.74 50.15 54.89 OK
r-release-macos-arm64 0.5.2 36.00 OK
r-release-macos-x86_64 0.5.2 86.00 OK
r-release-windows-x86_64 0.5.2 5.00 75.00 80.00 OK
r-oldrel-macos-arm64 0.5.2 34.00 OK
r-oldrel-macos-x86_64 0.5.2 44.00 OK
r-oldrel-windows-x86_64 0.5.2 8.00 79.00 87.00 OK

Check Details

Version: 0.5.2
Check: Rd files
Result: NOTE checkRd: (-1) prolific_prescreener.Rd:254: Lost braces in \itemize; meant \describe ? checkRd: (-1) prolific_prescreener.Rd:255: Lost braces in \itemize; meant \describe ? checkRd: (-1) prolific_study.Rd:95: Lost braces in \itemize; meant \describe ? checkRd: (-1) prolific_study.Rd:96: Lost braces in \itemize; meant \describe ? checkRd: (-1) prolific_study.Rd:97: Lost braces in \itemize; meant \describe ? checkRd: (-1) prolific_study.Rd:109: Lost braces in \itemize; meant \describe ? checkRd: (-1) prolific_study.Rd:110: Lost braces in \itemize; meant \describe ? checkRd: (-1) prolific_study.Rd:149: Lost braces in \itemize; meant \describe ? checkRd: (-1) prolific_study.Rd:150: Lost braces in \itemize; meant \describe ? checkRd: (-1) prolific_study.Rd:151: Lost braces in \itemize; meant \describe ? checkRd: (-1) prolific_study.Rd:243: Lost braces in \itemize; meant \describe ? checkRd: (-1) prolific_study.Rd:244: Lost braces in \itemize; meant \describe ? Flavors: r-devel-linux-x86_64-debian-clang, r-devel-linux-x86_64-debian-gcc