CRAN Package Check Results for Package projmgr

Last updated on 2022-11-28 03:57:26 CET.

Flavor Version Tinstall Tcheck Ttotal Status Flags
r-devel-linux-x86_64-debian-clang 0.1.0 4.18 38.57 42.75 NOTE
r-devel-linux-x86_64-debian-gcc 0.1.0 3.17 29.16 32.33 NOTE
r-devel-linux-x86_64-fedora-clang 0.1.0 63.17 NOTE
r-devel-linux-x86_64-fedora-gcc 0.1.0 71.02 NOTE
r-devel-windows-x86_64 0.1.0 27.00 73.00 100.00 NOTE
r-patched-linux-x86_64 0.1.0 5.17 34.98 40.15 NOTE
r-release-linux-x86_64 0.1.0 3.08 35.13 38.21 NOTE
r-release-macos-arm64 0.1.0 35.00 NOTE
r-release-macos-x86_64 0.1.0 32.00 NOTE
r-release-windows-x86_64 0.1.0 45.00 67.00 112.00 NOTE
r-oldrel-macos-arm64 0.1.0 62.00 NOTE
r-oldrel-macos-x86_64 0.1.0 65.00 NOTE
r-oldrel-windows-ix86+x86_64 0.1.0 7.00 62.00 69.00 NOTE

Check Details

Version: 0.1.0
Check: LazyData
Result: NOTE
     'LazyData' is specified without a 'data' directory
Flavors: r-devel-linux-x86_64-debian-clang, r-devel-linux-x86_64-debian-gcc, r-devel-linux-x86_64-fedora-clang, r-devel-linux-x86_64-fedora-gcc, r-devel-windows-x86_64, r-patched-linux-x86_64, r-release-linux-x86_64, r-release-macos-arm64, r-release-macos-x86_64, r-release-windows-x86_64, r-oldrel-macos-arm64, r-oldrel-macos-x86_64, r-oldrel-windows-ix86+x86_64