Last updated on 2023-06-07 14:00:44 CEST.
Flavor | Version | Tinstall | Tcheck | Ttotal | Status | Flags |
---|---|---|---|---|---|---|
r-devel-linux-x86_64-debian-clang | 2.1.3 | 5.62 | 58.72 | 64.34 | OK | |
r-devel-linux-x86_64-debian-gcc | 2.1.3 | 5.81 | 45.18 | 50.99 | OK | |
r-devel-linux-x86_64-fedora-clang | 2.1.3 | 81.51 | NOTE | |||
r-devel-linux-x86_64-fedora-gcc | 2.1.3 | 77.70 | NOTE | |||
r-devel-windows-x86_64 | 2.1.3 | 8.00 | 68.00 | 76.00 | OK | |
r-patched-linux-x86_64 | 2.1.3 | 6.65 | 56.32 | 62.97 | OK | |
r-release-linux-x86_64 | 2.1.3 | 4.28 | 55.95 | 60.23 | OK | |
r-release-macos-arm64 | 2.1.3 | 28.00 | OK | |||
r-release-macos-x86_64 | 2.1.3 | 37.00 | OK | |||
r-release-windows-x86_64 | 2.1.3 | 10.00 | 73.00 | 83.00 | OK | |
r-oldrel-macos-arm64 | 2.1.3 | 31.00 | NOTE | |||
r-oldrel-macos-x86_64 | 2.1.3 | 48.00 | NOTE | |||
r-oldrel-windows-x86_64 | 2.1.3 | 10.00 | 77.00 | 87.00 | OK |
Version: 2.1.3
Check: dependencies in R code
Result: NOTE
Namespace in Imports field not imported from: ‘methods’
All declared Imports should be used.
Flavors: r-devel-linux-x86_64-fedora-clang, r-devel-linux-x86_64-fedora-gcc, r-oldrel-macos-arm64, r-oldrel-macos-x86_64