CRAN Package Check Results for Package projections

Last updated on 2019-06-18 22:01:59 CEST.

Flavor Version Tinstall Tcheck Ttotal Status Flags
r-devel-linux-x86_64-debian-clang 0.3.1 1.73 25.68 27.41 OK
r-devel-linux-x86_64-debian-gcc 0.3.1 1.53 20.47 22.00 OK
r-devel-linux-x86_64-fedora-clang 0.3.1 33.15 NOTE
r-devel-linux-x86_64-fedora-gcc 0.3.1 31.48 NOTE
r-devel-windows-ix86+x86_64 0.3.1 11.00 57.00 68.00 OK
r-patched-linux-x86_64 0.3.1 2.07 25.37 27.44 OK
r-patched-solaris-x86 0.3.1 50.30 NOTE
r-release-linux-x86_64 0.3.1 2.11 25.77 27.88 OK
r-release-windows-ix86+x86_64 0.3.1 7.00 58.00 65.00 OK
r-release-osx-x86_64 0.3.1 NOTE
r-oldrel-windows-ix86+x86_64 0.3.1 3.00 54.00 57.00 OK
r-oldrel-osx-x86_64 0.3.1 NOTE

Check Details

Version: 0.3.1
Check: dependencies in R code
Result: NOTE
    Namespace in Imports field not imported from: ‘distcrete’
     All declared Imports should be used.
Flavors: r-devel-linux-x86_64-fedora-clang, r-devel-linux-x86_64-fedora-gcc, r-patched-solaris-x86, r-release-osx-x86_64, r-oldrel-osx-x86_64