CRAN Package Check Results for Package projections

Last updated on 2019-09-22 21:47:44 CEST.

Flavor Version Tinstall Tcheck Ttotal Status Flags
r-devel-linux-x86_64-debian-clang 0.3.1 1.80 25.35 27.15 OK
r-devel-linux-x86_64-debian-gcc 0.3.1 1.76 20.10 21.86 OK
r-devel-linux-x86_64-fedora-clang 0.3.1 33.75 NOTE
r-devel-linux-x86_64-fedora-gcc 0.3.1 33.55 NOTE
r-devel-windows-ix86+x86_64 0.3.1 14.00 57.00 71.00 OK
r-patched-linux-x86_64 0.3.1 2.08 24.58 26.66 OK
r-patched-solaris-x86 0.3.1 48.70 NOTE
r-release-linux-x86_64 0.3.1 1.98 25.21 27.19 OK
r-release-windows-ix86+x86_64 0.3.1 10.00 57.00 67.00 OK
r-release-osx-x86_64 0.3.1 NOTE
r-oldrel-windows-ix86+x86_64 0.3.1 3.00 38.00 41.00 OK
r-oldrel-osx-x86_64 0.3.1 NOTE

Check Details

Version: 0.3.1
Check: dependencies in R code
Result: NOTE
    Namespace in Imports field not imported from: ‘distcrete’
     All declared Imports should be used.
Flavors: r-devel-linux-x86_64-fedora-clang, r-devel-linux-x86_64-fedora-gcc, r-patched-solaris-x86, r-release-osx-x86_64, r-oldrel-osx-x86_64