Last updated on 2023-03-26 17:49:50 CEST.
Flavor | Version | Tinstall | Tcheck | Ttotal | Status | Flags |
---|---|---|---|---|---|---|
r-devel-linux-x86_64-debian-clang | 1.1.1 | 244.24 | 267.83 | 512.07 | OK | |
r-devel-linux-x86_64-debian-gcc | 1.1.1 | 182.97 | 515.05 | 698.02 | OK | |
r-devel-linux-x86_64-fedora-clang | 1.1.1 | 602.95 | OK | |||
r-devel-linux-x86_64-fedora-gcc | 1.1.1 | 591.87 | OK | |||
r-patched-linux-x86_64 | 1.1.1 | 207.34 | 371.08 | 578.42 | OK | |
r-release-linux-x86_64 | 1.1.1 | 203.55 | 353.77 | 557.32 | OK | |
r-release-macos-arm64 | 1.1.1 | 91.00 | NOTE | |||
r-release-macos-x86_64 | 1.1.1 | 121.00 | NOTE | |||
r-release-windows-x86_64 | 1.1.1 | 130.00 | 240.00 | 370.00 | OK | |
r-oldrel-macos-arm64 | 1.1.1 | 78.00 | NOTE | |||
r-oldrel-macos-x86_64 | 1.1.1 | 125.00 | NOTE | |||
r-oldrel-windows-ix86+x86_64 | 1.1.1 | 466.00 | 402.00 | 868.00 | OK |
Version: 1.1.1
Check: installed package size
Result: NOTE
installed size is 13.2Mb
sub-directories of 1Mb or more:
libs 12.5Mb
Flavors: r-release-macos-arm64, r-release-macos-x86_64, r-oldrel-macos-arm64, r-oldrel-macos-x86_64