Last updated on 2022-07-03 22:50:41 CEST.
Flavor | Version | Tinstall | Tcheck | Ttotal | Status | Flags |
---|---|---|---|---|---|---|
r-devel-linux-x86_64-debian-clang | 0.9.3 | 224.30 | 232.64 | 456.94 | OK | |
r-devel-linux-x86_64-debian-gcc | 0.9.3 | 175.36 | 336.03 | 511.39 | OK | |
r-devel-linux-x86_64-fedora-clang | 0.9.3 | 529.28 | NOTE | |||
r-devel-linux-x86_64-fedora-gcc | 0.9.3 | 551.24 | OK | |||
r-devel-windows-x86_64 | 0.9.3 | 82.00 | 190.00 | 272.00 | OK | |
r-patched-linux-x86_64 | 0.9.3 | 195.81 | 275.84 | 471.65 | OK | |
r-release-linux-x86_64 | 0.9.3 | 196.14 | 277.09 | 473.23 | OK | |
r-release-macos-arm64 | 0.9.3 | 72.00 | NOTE | |||
r-release-macos-x86_64 | 0.9.3 | 100.00 | NOTE | |||
r-release-windows-x86_64 | 0.9.3 | 95.00 | 194.00 | 289.00 | OK | |
r-oldrel-macos-arm64 | 0.9.3 | 78.00 | NOTE | |||
r-oldrel-macos-x86_64 | 0.9.3 | 101.00 | NOTE | |||
r-oldrel-windows-ix86+x86_64 | 0.9.3 | 433.00 | 344.00 | 777.00 | OK |
Version: 0.9.3
Check: installed package size
Result: NOTE
installed size is 10.9Mb
sub-directories of 1Mb or more:
libs 10.3Mb
Flavors: r-devel-linux-x86_64-fedora-clang, r-release-macos-arm64, r-release-macos-x86_64, r-oldrel-macos-arm64, r-oldrel-macos-x86_64