CRAN Package Check Results for Package profoc

Last updated on 2024-04-20 05:59:02 CEST.

Flavor Version Tinstall Tcheck Ttotal Status Flags
r-devel-linux-x86_64-debian-clang 1.3.2 222.11 217.77 439.88 OK
r-devel-linux-x86_64-debian-gcc 1.3.2 180.65 560.81 741.46 OK
r-devel-linux-x86_64-fedora-clang 1.3.2 656.29 OK
r-devel-linux-x86_64-fedora-gcc 1.3.2 771.65 OK
r-prerel-macos-arm64 1.3.2 134.00 NOTE
r-prerel-macos-x86_64 1.3.2 260.00 NOTE
r-prerel-windows-x86_64 1.3.2 172.00 191.00 363.00 OK
r-patched-linux-x86_64 1.3.2 215.23 476.23 691.46 OK
r-release-linux-x86_64 1.3.2 209.96 461.16 671.12 OK
r-release-macos-arm64 1.3.2 150.00 NOTE
r-release-macos-x86_64 1.3.2 274.00 NOTE
r-release-windows-x86_64 1.3.2 209.00 237.00 446.00 OK
r-oldrel-macos-arm64 1.1.1 91.00 NOTE
r-oldrel-windows-x86_64 1.1.1 52.00 190.00 242.00 OK

Check Details

Version: 1.3.2
Check: installed package size
Result: NOTE installed size is 14.9Mb sub-directories of 1Mb or more: doc 1.4Mb libs 12.8Mb Flavors: r-prerel-macos-arm64, r-prerel-macos-x86_64, r-release-macos-arm64, r-release-macos-x86_64

Version: 1.1.1
Check: installed package size
Result: NOTE installed size is 13.2Mb sub-directories of 1Mb or more: libs 12.5Mb Flavor: r-oldrel-macos-arm64