CRAN Package Check Results for Package profoc

Last updated on 2023-10-02 13:03:00 CEST.

Flavor Version Tinstall Tcheck Ttotal Status Flags
r-devel-linux-x86_64-debian-clang 1.2.1 220.60 250.63 471.23 OK
r-devel-linux-x86_64-debian-gcc 1.2.1 159.84 505.37 665.21 OK
r-devel-linux-x86_64-fedora-clang 1.2.1 624.07 OK
r-devel-linux-x86_64-fedora-gcc 1.2.1 781.33 OK
r-devel-windows-x86_64 1.2.1 162.00 182.00 344.00 OK
r-patched-linux-x86_64 1.2.1 213.23 438.05 651.28 OK
r-release-linux-x86_64 1.2.1 219.98 317.53 537.51 OK
r-release-macos-arm64 1.2.1 138.00 NOTE
r-release-macos-x86_64 1.2.1 285.00 NOTE
r-release-windows-x86_64 1.2.1 207.00 219.00 426.00 OK
r-oldrel-macos-arm64 1.1.1 91.00 NOTE
r-oldrel-macos-x86_64 1.1.1 121.00 NOTE
r-oldrel-windows-x86_64 1.1.1 52.00 190.00 242.00 OK

Check Details

Version: 1.2.1
Check: installed package size
Result: NOTE
     installed size is 14.7Mb
     sub-directories of 1Mb or more:
     doc 1.4Mb
     libs 12.6Mb
Flavors: r-release-macos-arm64, r-release-macos-x86_64

Version: 1.1.1
Check: installed package size
Result: NOTE
     installed size is 13.2Mb
     sub-directories of 1Mb or more:
     libs 12.5Mb
Flavors: r-oldrel-macos-arm64, r-oldrel-macos-x86_64