CRAN Package Check Results for Package profoc

Last updated on 2021-10-19 10:51:02 CEST.

Flavor Version Tinstall Tcheck Ttotal Status Flags
r-devel-linux-x86_64-debian-clang 0.8.4 150.47 134.45 284.92 OK
r-devel-linux-x86_64-debian-gcc 0.8.4 128.39 104.21 232.60 OK
r-devel-linux-x86_64-fedora-clang 0.8.4 444.34 NOTE
r-devel-linux-x86_64-fedora-gcc 0.8.4 408.17 OK
r-devel-windows-x86_64 0.8.4 201.00 177.00 378.00 OK
r-devel-windows-x86_64-gcc10-UCRT 0.8.4 OK
r-patched-linux-x86_64 0.8.4 147.71 129.06 276.77 OK
r-release-linux-x86_64 0.8.4 149.21 131.06 280.27 OK
r-release-macos-arm64 0.8.4 NOTE
r-release-macos-x86_64 0.8.4 NOTE
r-release-windows-ix86+x86_64 0.8.4 286.00 284.00 570.00 OK
r-oldrel-macos-x86_64 0.8.4 NOTE
r-oldrel-windows-ix86+x86_64 0.8.4 411.00 288.00 699.00 OK

Check Details

Version: 0.8.4
Check: installed package size
Result: NOTE
     installed size is 10.7Mb
     sub-directories of 1Mb or more:
     libs 10.0Mb
Flavors: r-devel-linux-x86_64-fedora-clang, r-release-macos-arm64, r-release-macos-x86_64, r-oldrel-macos-x86_64