CRAN Package Check Results for Package profoc

Last updated on 2022-11-30 03:58:31 CET.

Flavor Version Tinstall Tcheck Ttotal Status Flags
r-devel-linux-x86_64-debian-clang 0.9.3 227.78 217.50 445.28 OK
r-devel-linux-x86_64-debian-gcc 0.9.3 174.78 275.36 450.14 OK
r-devel-linux-x86_64-fedora-clang 0.9.3 520.69 OK
r-devel-linux-x86_64-fedora-gcc 0.9.3 567.70 OK
r-devel-windows-x86_64 0.9.3 79.00 198.00 277.00 OK
r-patched-linux-x86_64 0.9.3 188.79 250.29 439.08 OK
r-release-linux-x86_64 0.9.3 194.51 256.84 451.35 OK
r-release-macos-arm64 0.9.3 72.00 NOTE
r-release-macos-x86_64 0.9.3 100.00 NOTE
r-release-windows-x86_64 0.9.3 88.00 220.00 308.00 OK
r-oldrel-macos-arm64 0.9.3 78.00 NOTE
r-oldrel-macos-x86_64 0.9.3 101.00 NOTE
r-oldrel-windows-ix86+x86_64 0.9.3 436.00 288.00 724.00 OK

Check Details

Version: 0.9.3
Check: installed package size
Result: NOTE
     installed size is 12.9Mb
     sub-directories of 1Mb or more:
     libs 12.3Mb
Flavors: r-release-macos-arm64, r-release-macos-x86_64, r-oldrel-macos-arm64, r-oldrel-macos-x86_64