CRAN Package Check Results for Package processx

Last updated on 2023-06-09 11:57:32 CEST.

Flavor Version Tinstall Tcheck Ttotal Status Flags
r-devel-linux-x86_64-debian-clang 3.8.1 12.33 77.42 89.75 OK
r-devel-linux-x86_64-debian-gcc 3.8.1 9.13 60.98 70.11 OK
r-devel-linux-x86_64-fedora-clang 3.8.1 111.84 OK
r-devel-linux-x86_64-fedora-gcc 3.8.1 107.87 OK
r-devel-windows-x86_64 3.8.1 41.00 98.00 139.00 WARN
r-patched-linux-x86_64 3.8.1 11.68 76.08 87.76 OK
r-release-linux-x86_64 3.8.1 11.07 77.00 88.07 OK
r-release-macos-arm64 3.8.1 59.00 OK
r-release-macos-x86_64 3.8.1 91.00 OK
r-release-windows-x86_64 3.8.1 48.00 112.00 160.00 WARN
r-oldrel-macos-arm64 3.8.1 56.00 OK
r-oldrel-macos-x86_64 3.8.1 76.00 OK
r-oldrel-windows-x86_64 3.8.1 41.00 108.00 149.00 OK

Check Details

Version: 3.8.1
Check: whether package can be installed
Result: WARN
    Found the following significant warnings:
     tools/pxu.c:17:6: warning: function declaration isn't a prototype [-Wstrict-prototypes]
     supervisor/windows.h:16:1: warning: function declaration isn't a prototype [-Wstrict-prototypes]
     supervisor/windows.h:17:1: warning: function declaration isn't a prototype [-Wstrict-prototypes]
     supervisor/windows.c:16:5: warning: function declaration isn't a prototype [-Wstrict-prototypes]
     supervisor/windows.c:43:8: warning: function declaration isn't a prototype [-Wstrict-prototypes]
     processx-connection.h:263:1: warning: function declaration isn't a prototype [-Wstrict-prototypes]
     processx-connection.h:294:1: warning: function declaration isn't a prototype [-Wstrict-prototypes]
     win/../processx-connection.h:263:1: warning: function declaration isn't a prototype [-Wstrict-prototypes]
     win/../processx-connection.h:294:1: warning: function declaration isn't a prototype [-Wstrict-prototypes]
     win/processx.c:54:6: warning: function declaration isn't a prototype [-Wstrict-prototypes]
     win/utils.c:9:6: warning: function declaration isn't a prototype [-Wstrict-prototypes]
     win/utils.c:14:6: warning: function declaration isn't a prototype [-Wstrict-prototypes]
     win/thread.c:6:8: warning: function declaration isn't a prototype [-Wstrict-prototypes]
     win/thread.c:47:7: warning: function declaration isn't a prototype [-Wstrict-prototypes]
     win/thread.c:89:7: warning: function declaration isn't a prototype [-Wstrict-prototypes]
     win/thread.c:128:7: warning: function declaration isn't a prototype [-Wstrict-prototypes]
     win/thread.c:188:5: warning: function declaration isn't a prototype [-Wstrict-prototypes]
     win/thread.c:320:7: warning: function declaration isn't a prototype [-Wstrict-prototypes]
     client.c:60:6: warning: function declaration isn't a prototype [-Wstrict-prototypes]
    See 'd:/Rcompile/CRANpkg/local/4.4/processx.Rcheck/00install.out' for details.
    * used C compiler: 'gcc.exe (GCC) 12.2.0'
Flavor: r-devel-windows-x86_64

Version: 3.8.1
Check: whether package can be installed
Result: WARN
    Found the following significant warnings:
     tools/pxu.c:17:6: warning: function declaration isn't a prototype [-Wstrict-prototypes]
     supervisor/windows.h:16:1: warning: function declaration isn't a prototype [-Wstrict-prototypes]
     supervisor/windows.h:17:1: warning: function declaration isn't a prototype [-Wstrict-prototypes]
     supervisor/windows.c:16:5: warning: function declaration isn't a prototype [-Wstrict-prototypes]
     supervisor/windows.c:43:8: warning: function declaration isn't a prototype [-Wstrict-prototypes]
     processx-connection.h:263:1: warning: function declaration isn't a prototype [-Wstrict-prototypes]
     processx-connection.h:294:1: warning: function declaration isn't a prototype [-Wstrict-prototypes]
     win/../processx-connection.h:263:1: warning: function declaration isn't a prototype [-Wstrict-prototypes]
     win/../processx-connection.h:294:1: warning: function declaration isn't a prototype [-Wstrict-prototypes]
     win/processx.c:54:6: warning: function declaration isn't a prototype [-Wstrict-prototypes]
     win/utils.c:9:6: warning: function declaration isn't a prototype [-Wstrict-prototypes]
     win/utils.c:14:6: warning: function declaration isn't a prototype [-Wstrict-prototypes]
     win/thread.c:6:8: warning: function declaration isn't a prototype [-Wstrict-prototypes]
     win/thread.c:47:7: warning: function declaration isn't a prototype [-Wstrict-prototypes]
     win/thread.c:89:7: warning: function declaration isn't a prototype [-Wstrict-prototypes]
     win/thread.c:128:7: warning: function declaration isn't a prototype [-Wstrict-prototypes]
     win/thread.c:188:5: warning: function declaration isn't a prototype [-Wstrict-prototypes]
     win/thread.c:320:7: warning: function declaration isn't a prototype [-Wstrict-prototypes]
     client.c:60:6: warning: function declaration isn't a prototype [-Wstrict-prototypes]
    See 'd:/Rcompile/CRANpkg/local/4.3/processx.Rcheck/00install.out' for details.
    * used C compiler: 'gcc.exe (GCC) 12.2.0'
Flavor: r-release-windows-x86_64