CRAN Package Check Results for Package processmapR

Last updated on 2018-12-09 18:50:09 CET.

Flavor Version Tinstall Tcheck Ttotal Status Flags
r-devel-linux-x86_64-debian-clang 0.3.2 5.58 65.34 70.92 OK
r-devel-linux-x86_64-debian-gcc 0.3.2 4.53 51.60 56.13 OK
r-devel-linux-x86_64-fedora-clang 0.3.2 84.25 NOTE
r-devel-linux-x86_64-fedora-gcc 0.3.2 86.46 NOTE
r-devel-windows-ix86+x86_64 0.3.2 26.00 71.00 97.00 OK
r-patched-linux-x86_64 0.3.2 5.49 63.86 69.35 OK
r-patched-solaris-x86 0.3.2 127.20 NOTE
r-release-linux-x86_64 0.3.2 5.75 63.71 69.46 OK
r-release-windows-ix86+x86_64 0.3.2 12.00 77.00 89.00 OK
r-release-osx-x86_64 0.3.2 NOTE
r-oldrel-windows-ix86+x86_64 0.3.2 15.00 81.00 96.00 OK
r-oldrel-osx-x86_64 0.3.2 NOTE

Check Details

Version: 0.3.2
Check: dependencies in R code
Result: NOTE
    Namespace in Imports field not imported from: ‘viridis’
     All declared Imports should be used.
Flavors: r-devel-linux-x86_64-fedora-clang, r-devel-linux-x86_64-fedora-gcc, r-patched-solaris-x86, r-release-osx-x86_64, r-oldrel-osx-x86_64