CRAN Package Check Results for Package processmapR

Last updated on 2018-10-15 21:48:35 CEST.

Flavor Version Tinstall Tcheck Ttotal Status Flags
r-devel-linux-x86_64-debian-clang 0.3.2 6.82 71.87 78.69 OK
r-devel-linux-x86_64-debian-gcc 0.3.2 5.52 56.17 61.69 OK
r-devel-linux-x86_64-fedora-clang 0.3.2 92.78 NOTE
r-devel-linux-x86_64-fedora-gcc 0.3.2 90.45 NOTE
r-devel-windows-ix86+x86_64 0.3.2 24.00 83.00 107.00 OK
r-patched-linux-x86_64 0.3.2 4.38 62.10 66.48 OK
r-patched-solaris-x86 0.3.2 122.10 NOTE
r-release-linux-x86_64 0.3.2 4.88 62.14 67.02 OK
r-release-windows-ix86+x86_64 0.3.2 21.00 108.00 129.00 OK
r-release-osx-x86_64 0.3.2 NOTE
r-oldrel-windows-ix86+x86_64 0.3.2 19.00 80.00 99.00 OK
r-oldrel-osx-x86_64 0.3.2 NOTE

Check Details

Version: 0.3.2
Check: dependencies in R code
Result: NOTE
    Namespace in Imports field not imported from: ‘viridis’
     All declared Imports should be used.
Flavors: r-devel-linux-x86_64-fedora-clang, r-devel-linux-x86_64-fedora-gcc, r-patched-solaris-x86, r-release-osx-x86_64, r-oldrel-osx-x86_64