CRAN Package Check Results for Package processanimateR

Last updated on 2024-07-12 19:55:11 CEST.

Flavor Version Tinstall Tcheck Ttotal Status Flags
r-devel-linux-x86_64-debian-clang 1.0.5 11.43 130.99 142.42 OK
r-devel-linux-x86_64-debian-gcc 1.0.5 9.83 96.37 106.20 OK
r-devel-linux-x86_64-fedora-clang 1.0.5 175.67 NOTE
r-devel-linux-x86_64-fedora-gcc 1.0.5 178.67 OK
r-devel-windows-x86_64 1.0.5 11.00 109.00 120.00 NOTE
r-patched-linux-x86_64 1.0.5 13.05 125.06 138.11 OK
r-release-linux-x86_64 1.0.5 7.13 125.22 132.35 OK
r-release-macos-arm64 1.0.5 60.00 NOTE
r-release-macos-x86_64 1.0.5 91.00 NOTE
r-release-windows-x86_64 1.0.5 11.00 112.00 123.00 NOTE
r-oldrel-macos-arm64 1.0.5 65.00 NOTE
r-oldrel-macos-x86_64 1.0.5 113.00 NOTE
r-oldrel-windows-x86_64 1.0.5 15.00 126.00 141.00 NOTE

Check Details

Version: 1.0.5
Check: installed package size
Result: NOTE installed size is 11.6Mb sub-directories of 1Mb or more: doc 8.8Mb htmlwidgets 2.6Mb Flavors: r-devel-linux-x86_64-fedora-clang, r-devel-windows-x86_64, r-release-macos-arm64, r-release-macos-x86_64, r-release-windows-x86_64, r-oldrel-macos-arm64, r-oldrel-macos-x86_64, r-oldrel-windows-x86_64

Version: 1.0.5
Check: Rd cross-references
Result: NOTE Found the following Rd file(s) with Rd \link{} targets missing package anchors: animate_process.Rd: process_map, JS, createWidget, sizingPolicy Please provide package anchors for all Rd \link{} targets not in the package itself and the base packages. Flavor: r-devel-windows-x86_64