CRAN Package Check Results for Package processanimateR

Last updated on 2022-01-23 09:58:37 CET.

Flavor Version Tinstall Tcheck Ttotal Status Flags
r-devel-linux-x86_64-debian-clang 1.0.4 10.34 120.51 130.85 OK
r-devel-linux-x86_64-debian-gcc 1.0.4 8.55 97.72 106.27 OK
r-devel-linux-x86_64-fedora-clang 1.0.4 150.86 NOTE
r-devel-linux-x86_64-fedora-gcc 1.0.4 138.20 OK
r-devel-windows-x86_64-new-UL 1.0.4 167.00 156.00 323.00 NOTE
r-devel-windows-x86_64-new-TK 1.0.4 OK
r-patched-linux-x86_64 1.0.4 15.15 116.29 131.44 OK
r-release-linux-x86_64 1.0.4 6.52 117.22 123.74 OK
r-release-macos-arm64 1.0.4 NOTE
r-release-macos-x86_64 1.0.4 NOTE
r-release-windows-ix86+x86_64 1.0.4 24.00 139.00 163.00 NOTE
r-oldrel-macos-x86_64 1.0.4 NOTE
r-oldrel-windows-ix86+x86_64 1.0.4 25.00 147.00 172.00 NOTE

Check Details

Version: 1.0.4
Check: installed package size
Result: NOTE
     installed size is 13.9Mb
     sub-directories of 1Mb or more:
     doc 11.1Mb
     htmlwidgets 2.6Mb
Flavors: r-devel-linux-x86_64-fedora-clang, r-devel-windows-x86_64-new-UL, r-release-macos-arm64, r-release-macos-x86_64, r-release-windows-ix86+x86_64, r-oldrel-macos-x86_64, r-oldrel-windows-ix86+x86_64