Last updated on 2023-12-02 05:50:04 CET.
Flavor | Version | Tinstall | Tcheck | Ttotal | Status | Flags |
---|---|---|---|---|---|---|
r-devel-linux-x86_64-debian-clang | 1.0.2 | 18.67 | 392.43 | 411.10 | OK | |
r-devel-linux-x86_64-debian-gcc | 1.0.2 | 16.41 | 286.51 | 302.92 | OK | |
r-devel-linux-x86_64-fedora-clang | 1.0.2 | 497.40 | NOTE | |||
r-devel-linux-x86_64-fedora-gcc | 1.0.2 | 494.18 | OK | |||
r-devel-windows-x86_64 | 1.0.2 | 17.00 | 298.00 | 315.00 | OK | |
r-patched-linux-x86_64 | 1.0.2 | 17.76 | 378.18 | 395.94 | OK | |
r-release-linux-x86_64 | 1.0.2 | 12.03 | 377.94 | 389.97 | OK | |
r-release-macos-arm64 | 1.0.2 | 139.00 | OK | |||
r-release-macos-x86_64 | 1.0.2 | 370.00 | OK | |||
r-release-windows-x86_64 | 1.0.2 | 24.00 | 381.00 | 405.00 | OK | |
r-oldrel-macos-arm64 | 1.0.2 | 144.00 | OK | |||
r-oldrel-macos-x86_64 | 1.0.2 | 197.00 | OK | |||
r-oldrel-windows-x86_64 | 1.0.2 | 22.00 | 367.00 | 389.00 | OK |
Version: 1.0.2
Check: Rd cross-references
Result: NOTE
Undeclared package ‘future’ in Rd xrefs
Flavor: r-devel-linux-x86_64-fedora-clang