CRAN Package Check Results for Package prisonbrief

Last updated on 2019-06-16 13:46:41 CEST.

Flavor Version Tinstall Tcheck Ttotal Status Flags
r-devel-linux-x86_64-debian-clang 0.1.0 6.38 51.51 57.89 OK
r-devel-linux-x86_64-debian-gcc 0.1.0 5.25 40.06 45.31 OK
r-devel-linux-x86_64-fedora-clang 0.1.0 70.15 NOTE
r-devel-linux-x86_64-fedora-gcc 0.1.0 66.78 NOTE
r-devel-windows-ix86+x86_64 0.1.0 22.00 88.00 110.00 OK
r-patched-linux-x86_64 0.1.0 6.44 49.40 55.84 OK
r-patched-solaris-x86 0.1.0 119.50 NOTE
r-release-linux-x86_64 0.1.0 5.93 49.56 55.49 OK
r-release-windows-ix86+x86_64 0.1.0 18.00 102.00 120.00 OK
r-release-osx-x86_64 0.1.0 NOTE
r-oldrel-windows-ix86+x86_64 0.1.0 8.00 97.00 105.00 OK
r-oldrel-osx-x86_64 0.1.0 NOTE

Check Details

Version: 0.1.0
Check: data for non-ASCII characters
Result: NOTE
     Note: found 2 marked UTF-8 strings
Flavors: r-devel-linux-x86_64-fedora-clang, r-devel-linux-x86_64-fedora-gcc, r-patched-solaris-x86, r-release-osx-x86_64, r-oldrel-osx-x86_64