CRAN Package Check Results for Package prioritizr

Last updated on 2020-11-23 15:47:45 CET.

Flavor Version Tinstall Tcheck Ttotal Status Flags
r-devel-linux-x86_64-debian-clang 5.0.2 613.29 253.78 867.07 NOTE
r-devel-linux-x86_64-debian-gcc 5.0.2 556.91 190.74 747.65 NOTE
r-devel-linux-x86_64-fedora-clang 5.0.2 1002.43 NOTE
r-devel-linux-x86_64-fedora-gcc 5.0.2 933.22 NOTE
r-devel-windows-ix86+x86_64 5.0.2 934.00 329.00 1263.00 NOTE
r-patched-linux-x86_64 5.0.2 653.96 254.44 908.40 NOTE
r-patched-solaris-x86 5.0.2 788.70 NOTE
r-release-linux-x86_64 5.0.2 681.62 245.07 926.69 NOTE
r-release-macos-x86_64 5.0.2 NOTE
r-release-windows-ix86+x86_64 5.0.2 814.00 343.00 1157.00 NOTE
r-oldrel-macos-x86_64 5.0.2 NOTE
r-oldrel-windows-ix86+x86_64 5.0.2 725.00 300.00 1025.00 NOTE

Check Details

Version: 5.0.2
Check: package dependencies
Result: NOTE
    Package suggested but not available for checking: 'gurobi'
Flavors: r-devel-linux-x86_64-debian-clang, r-devel-linux-x86_64-debian-gcc, r-devel-linux-x86_64-fedora-clang, r-devel-linux-x86_64-fedora-gcc, r-devel-windows-ix86+x86_64, r-patched-linux-x86_64, r-release-linux-x86_64, r-release-windows-ix86+x86_64, r-oldrel-windows-ix86+x86_64

Version: 5.0.2
Check: installed package size
Result: NOTE
     installed size is 21.1Mb
     sub-directories of 1Mb or more:
     doc 2.8Mb
     libs 16.2Mb
Flavors: r-devel-linux-x86_64-fedora-clang, r-devel-windows-ix86+x86_64, r-patched-solaris-x86, r-release-macos-x86_64, r-release-windows-ix86+x86_64, r-oldrel-macos-x86_64, r-oldrel-windows-ix86+x86_64

Version: 5.0.2
Check: dependencies in R code
Result: NOTE
    Namespace in Imports field not imported from: ‘exactextractr’
     All declared Imports should be used.
Flavors: r-devel-linux-x86_64-fedora-clang, r-devel-linux-x86_64-fedora-gcc, r-patched-solaris-x86, r-release-macos-x86_64, r-oldrel-macos-x86_64

Version: 5.0.2
Check: package dependencies
Result: NOTE
    Packages suggested but not available for checking:
     'gurobi', 'lpsymphony', 'Rsymphony'
Flavors: r-patched-solaris-x86, r-release-macos-x86_64

Version: 5.0.2
Check: package dependencies
Result: NOTE
    Packages suggested but not available for checking: 'gurobi', 'Rsymphony'
Flavor: r-oldrel-macos-x86_64