CRAN Package Check Results for Package prioritizr

Last updated on 2020-01-19 06:48:42 CET.

Flavor Version Tinstall Tcheck Ttotal Status Flags
r-devel-linux-x86_64-debian-clang 4.1.4 393.77 217.62 611.39 NOTE
r-devel-linux-x86_64-debian-gcc 4.1.4 277.56 164.70 442.26 NOTE
r-devel-linux-x86_64-fedora-clang 4.1.4 821.26 NOTE
r-devel-linux-x86_64-fedora-gcc 4.1.4 789.15 NOTE
r-devel-windows-ix86+x86_64 4.1.4 1003.00 494.00 1497.00 NOTE
r-devel-windows-ix86+x86_64-gcc8 4.1.4 783.00 467.00 1250.00 NOTE
r-patched-linux-x86_64 4.1.4 305.67 189.93 495.60 NOTE
r-patched-solaris-x86 4.1.4 751.60 NOTE
r-release-linux-x86_64 4.1.4 302.76 191.13 493.89 NOTE
r-release-windows-ix86+x86_64 4.1.4 1008.00 432.00 1440.00 NOTE
r-release-osx-x86_64 4.1.4 NOTE
r-oldrel-windows-ix86+x86_64 4.1.4 945.00 263.00 1208.00 NOTE
r-oldrel-osx-x86_64 4.1.4 NOTE

Check Details

Version: 4.1.4
Check: package dependencies
Result: NOTE
    Package suggested but not available for checking: 'gurobi'
Flavors: r-devel-linux-x86_64-debian-clang, r-devel-linux-x86_64-debian-gcc, r-devel-linux-x86_64-fedora-clang, r-devel-linux-x86_64-fedora-gcc, r-devel-windows-ix86+x86_64, r-devel-windows-ix86+x86_64-gcc8, r-patched-linux-x86_64, r-release-linux-x86_64, r-release-windows-ix86+x86_64, r-oldrel-windows-ix86+x86_64

Version: 4.1.4
Check: installed package size
Result: NOTE
     installed size is 17.2Mb
     sub-directories of 1Mb or more:
     doc 1.2Mb
     libs 14.0Mb
Flavors: r-devel-linux-x86_64-fedora-clang, r-devel-windows-ix86+x86_64, r-devel-windows-ix86+x86_64-gcc8, r-release-windows-ix86+x86_64, r-release-osx-x86_64, r-oldrel-windows-ix86+x86_64, r-oldrel-osx-x86_64

Version: 4.1.4
Check: package dependencies
Result: NOTE
    Packages suggested but not available for checking:
     'gurobi', 'lpsymphony', 'Rsymphony'
Flavor: r-patched-solaris-x86

Version: 4.1.4
Check: package dependencies
Result: NOTE
    Packages suggested but not available for checking: 'gurobi', 'Rsymphony'
Flavor: r-release-osx-x86_64

Version: 4.1.4
Check: package dependencies
Result: NOTE
    Packages suggested but not available for checking:
     ‘gurobi’ ‘lpsymphony’ ‘Rsymphony’
Flavor: r-oldrel-osx-x86_64