CRAN Package Check Results for Package primes

Last updated on 2023-06-05 13:56:59 CEST.

Flavor Version Tinstall Tcheck Ttotal Status Flags
r-devel-linux-x86_64-debian-clang 1.4.0 78.27 30.85 109.12 NOTE
r-devel-linux-x86_64-debian-gcc 1.4.0 52.16 24.39 76.55 NOTE
r-devel-linux-x86_64-fedora-clang 1.4.0 171.73 NOTE
r-devel-linux-x86_64-fedora-gcc 1.4.0 147.45 NOTE
r-devel-windows-x86_64 1.4.0 45.00 62.00 107.00 NOTE
r-patched-linux-x86_64 1.4.0 57.35 30.01 87.36 NOTE
r-release-linux-x86_64 1.4.0 59.82 30.13 89.95 NOTE
r-release-macos-arm64 1.4.0 41.00 NOTE
r-release-macos-x86_64 1.4.0 66.00 NOTE
r-release-windows-x86_64 1.4.0 50.00 67.00 117.00 NOTE
r-oldrel-macos-arm64 1.4.0 40.00 OK
r-oldrel-macos-x86_64 1.4.0 57.00 OK
r-oldrel-windows-x86_64 1.4.0 69.00 68.00 137.00 OK

Check Details

Version: 1.4.0
Check: C++ specification
Result: NOTE
     Specified C++11: please drop specification unless essential
Flavors: r-devel-linux-x86_64-debian-clang, r-devel-linux-x86_64-debian-gcc, r-devel-linux-x86_64-fedora-clang, r-devel-linux-x86_64-fedora-gcc, r-devel-windows-x86_64, r-patched-linux-x86_64, r-release-linux-x86_64, r-release-macos-arm64, r-release-macos-x86_64, r-release-windows-x86_64