Last updated on 2023-06-03 12:57:00 CEST.
Flavor | Version | Tinstall | Tcheck | Ttotal | Status | Flags |
---|---|---|---|---|---|---|
r-devel-linux-x86_64-debian-clang | 0.1.67 | 4.49 | 49.46 | 53.95 | OK | |
r-devel-linux-x86_64-debian-gcc | 0.1.67 | 4.20 | 37.86 | 42.06 | OK | |
r-devel-linux-x86_64-fedora-clang | 0.1.67 | 70.62 | NOTE | |||
r-devel-linux-x86_64-fedora-gcc | 0.1.67 | 65.09 | NOTE | |||
r-devel-windows-x86_64 | 0.1.67 | 7.00 | 62.00 | 69.00 | OK | |
r-patched-linux-x86_64 | 0.1.67 | OK | ||||
r-release-linux-x86_64 | 0.1.67 | 4.04 | 46.71 | 50.75 | OK | |
r-release-macos-arm64 | 0.1.67 | 24.00 | OK | |||
r-release-macos-x86_64 | 0.1.67 | 33.00 | OK | |||
r-release-windows-x86_64 | 0.1.67 | 8.00 | 68.00 | 76.00 | OK | |
r-oldrel-macos-arm64 | 0.1.67 | 24.00 | NOTE | |||
r-oldrel-macos-x86_64 | 0.1.67 | 36.00 | NOTE | |||
r-oldrel-windows-x86_64 | 0.1.67 | 8.00 | 69.00 | 77.00 | OK |
Version: 0.1.67
Check: dependencies in R code
Result: NOTE
Namespace in Imports field not imported from: ‘curl’
All declared Imports should be used.
Flavors: r-devel-linux-x86_64-fedora-clang, r-devel-linux-x86_64-fedora-gcc, r-oldrel-macos-arm64, r-oldrel-macos-x86_64
Version: 0.1.67
Check: data for non-ASCII characters
Result: NOTE
Note: found 165 marked UTF-8 strings
Flavors: r-devel-linux-x86_64-fedora-clang, r-devel-linux-x86_64-fedora-gcc, r-oldrel-macos-arm64, r-oldrel-macos-x86_64