CRAN Package Check Results for Package priceR

Last updated on 2024-05-26 08:05:18 CEST.

Flavor Version Tinstall Tcheck Ttotal Status Flags
r-devel-linux-x86_64-debian-clang 1.0.1 4.06 49.61 53.67 OK
r-devel-linux-x86_64-debian-gcc 1.0.1 5.16 38.12 43.28 OK
r-devel-linux-x86_64-fedora-clang 1.0.1 71.01 NOTE
r-devel-linux-x86_64-fedora-gcc 1.0.1 65.45 NOTE
r-devel-windows-x86_64 1.0.1 7.00 61.00 68.00 OK
r-patched-linux-x86_64 1.0.1 4.84 47.32 52.16 OK
r-release-linux-x86_64 1.0.1 3.61 48.62 52.23 OK
r-release-macos-arm64 1.0.1 25.00 OK
r-release-windows-x86_64 1.0.1 6.00 61.00 67.00 OK
r-oldrel-macos-arm64 1.0.1 31.00 OK
r-oldrel-macos-x86_64 1.0.1 47.00 OK
r-oldrel-windows-x86_64 1.0.1 8.00 66.00 74.00 OK

Check Details

Version: 1.0.1
Check: data for non-ASCII characters
Result: NOTE Note: found 165 marked UTF-8 strings Flavors: r-devel-linux-x86_64-fedora-clang, r-devel-linux-x86_64-fedora-gcc