CRAN Package Check Results for Package prewas

Last updated on 2022-01-23 05:01:29 CET.

Flavor Version Tinstall Tcheck Ttotal Status Flags
r-devel-linux-x86_64-debian-clang 1.1.1 2.71 123.48 126.19 OK
r-devel-linux-x86_64-debian-gcc 1.1.1 2.42 97.11 99.53 OK
r-devel-linux-x86_64-fedora-clang 1.1.1 149.75 NOTE
r-devel-linux-x86_64-fedora-gcc 1.1.1 136.93 NOTE
r-devel-windows-x86_64-new-UL 1.1.1 23.00 141.00 164.00 OK
r-devel-windows-x86_64-new-TK 1.1.1 NOTE
r-patched-linux-x86_64 1.1.1 3.07 116.67 119.74 OK
r-release-linux-x86_64 1.1.1 3.23 117.01 120.24 OK
r-release-macos-arm64 1.1.1 NOTE
r-release-macos-x86_64 1.1.1 NOTE
r-release-windows-ix86+x86_64 1.1.1 7.00 127.00 134.00 OK
r-oldrel-macos-x86_64 1.1.1 NOTE
r-oldrel-windows-ix86+x86_64 1.1.1 7.00 128.00 135.00 OK

Check Details

Version: 1.1.1
Check: dependencies in R code
Result: NOTE
    Namespace in Imports field not imported from: ‘stats’
     All declared Imports should be used.
Flavors: r-devel-linux-x86_64-fedora-clang, r-devel-linux-x86_64-fedora-gcc, r-devel-windows-x86_64-new-TK, r-release-macos-arm64, r-release-macos-x86_64, r-oldrel-macos-x86_64