CRAN Package Check Results for Package prevederer

Last updated on 2023-03-22 06:55:45 CET.

Flavor Version Tinstall Tcheck Ttotal Status Flags
r-devel-linux-x86_64-debian-clang 0.0.1 2.21 24.12 26.33 NOTE
r-devel-linux-x86_64-debian-gcc 0.0.1 1.31 18.92 20.23 NOTE
r-devel-linux-x86_64-fedora-clang 0.0.1 34.88 NOTE
r-devel-linux-x86_64-fedora-gcc 0.0.1 31.23 NOTE
r-patched-linux-x86_64 0.0.1 2.44 23.93 26.37 NOTE
r-release-linux-x86_64 0.0.1 2.32 23.86 26.18 NOTE
r-release-macos-arm64 0.0.1 16.00 NOTE
r-release-macos-x86_64 0.0.1 23.00 NOTE
r-release-windows-x86_64 0.0.1 5.00 54.00 59.00 NOTE
r-oldrel-macos-arm64 0.0.1 21.00 NOTE
r-oldrel-macos-x86_64 0.0.1 28.00 NOTE
r-oldrel-windows-ix86+x86_64 0.0.1 5.00 50.00 55.00 NOTE

Check Details

Version: 0.0.1
Check: LazyData
Result: NOTE
     'LazyData' is specified without a 'data' directory
Flavors: r-devel-linux-x86_64-debian-clang, r-devel-linux-x86_64-debian-gcc, r-devel-linux-x86_64-fedora-clang, r-devel-linux-x86_64-fedora-gcc, r-patched-linux-x86_64, r-release-linux-x86_64, r-release-macos-arm64, r-release-macos-x86_64, r-release-windows-x86_64, r-oldrel-macos-arm64, r-oldrel-macos-x86_64, r-oldrel-windows-ix86+x86_64