CRAN Package Check Results for Package prettifyAddins

Last updated on 2025-04-18 21:50:02 CEST.

Flavor Version Tinstall Tcheck Ttotal Status Flags
r-devel-linux-x86_64-debian-clang 2.6.1 6.17 46.00 52.17 OK
r-devel-linux-x86_64-debian-gcc 2.6.1 4.29 34.11 38.40 OK
r-devel-linux-x86_64-fedora-clang 2.6.1 87.36 OK
r-devel-linux-x86_64-fedora-gcc 2.6.1 81.55 OK
r-devel-windows-x86_64 2.6.1 9.00 67.00 76.00 OK
r-patched-linux-x86_64 2.6.1 4.90 45.06 49.96 OK
r-release-linux-x86_64 2.6.1 5.95 44.68 50.63 OK
r-release-macos-arm64 2.6.1 29.00 OK
r-release-macos-x86_64 2.6.1 56.00 OK
r-release-windows-x86_64 2.6.1 9.00 69.00 78.00 OK
r-oldrel-macos-arm64 2.6.1 26.00 NOTE
r-oldrel-macos-x86_64 2.6.1 55.00 NOTE
r-oldrel-windows-x86_64 2.6.1 9.00 76.00 85.00 NOTE

Check Details

Version: 2.6.1
Check: installed package size
Result: NOTE installed size is 5.5Mb sub-directories of 1Mb or more: shinyApp 5.4Mb Flavors: r-oldrel-macos-arm64, r-oldrel-macos-x86_64, r-oldrel-windows-x86_64