CRAN Package Check Results for Package preferably

Last updated on 2021-06-25 01:49:57 CEST.

Flavor Version Tinstall Tcheck Ttotal Status Flags
r-devel-linux-x86_64-debian-clang 0.3.1 2.27 20.87 23.14 OK
r-devel-linux-x86_64-debian-gcc 0.3.1 1.59 16.61 18.20 OK
r-devel-linux-x86_64-fedora-clang 0.3.1 37.52 NOTE
r-devel-linux-x86_64-fedora-gcc 0.3.1 27.09 NOTE
r-devel-windows-x86_64 0.3.1 6.00 28.00 34.00 OK
r-devel-windows-x86_64-gcc10-UCRT 0.3.1 NOTE
r-patched-linux-x86_64 0.3.1 2.21 20.33 22.54 OK
r-patched-solaris-x86 0.3.1 44.70 NOTE
r-release-linux-x86_64 0.3.1 1.93 20.49 22.42 OK
r-release-macos-arm64 0.3.1 NOTE
r-release-macos-x86_64 0.3.1 NOTE
r-release-windows-ix86+x86_64 0.3.1 5.00 37.00 42.00 OK
r-oldrel-macos-x86_64 0.3.1 NOTE
r-oldrel-windows-ix86+x86_64 0.3.1 7.00 36.00 43.00 OK

Check Details

Version: 0.3.1
Check: dependencies in R code
Result: NOTE
    Namespaces in Imports field not imported from:
     ‘knitr’ ‘pkgdown’ ‘rmarkdown’
     All declared Imports should be used.
Flavors: r-devel-linux-x86_64-fedora-clang, r-devel-linux-x86_64-fedora-gcc, r-devel-windows-x86_64-gcc10-UCRT, r-patched-solaris-x86, r-release-macos-arm64, r-release-macos-x86_64, r-oldrel-macos-x86_64