Last updated on 2023-03-23 20:50:39 CET.
Flavor | Version | Tinstall | Tcheck | Ttotal | Status | Flags |
---|---|---|---|---|---|---|
r-devel-linux-x86_64-debian-clang | 0.1.1 | 3.80 | 50.19 | 53.99 | NOTE | |
r-devel-linux-x86_64-debian-gcc | 0.1.1 | 2.69 | 37.66 | 40.35 | NOTE | |
r-devel-linux-x86_64-fedora-clang | 0.1.1 | 69.46 | NOTE | |||
r-devel-linux-x86_64-fedora-gcc | 0.1.1 | 65.97 | NOTE | |||
r-patched-linux-x86_64 | 0.1.1 | 2.98 | 49.56 | 52.54 | NOTE | |
r-release-linux-x86_64 | 0.1.1 | 2.31 | 49.66 | 51.97 | NOTE | |
r-release-macos-arm64 | 0.1.1 | 23.00 | NOTE | |||
r-release-macos-x86_64 | 0.1.1 | 37.00 | NOTE | |||
r-release-windows-x86_64 | 0.1.1 | 56.00 | 119.00 | 175.00 | NOTE | |
r-oldrel-macos-arm64 | 0.1.1 | 26.00 | NOTE | |||
r-oldrel-macos-x86_64 | 0.1.1 | 44.00 | NOTE | |||
r-oldrel-windows-ix86+x86_64 | 0.1.1 | 10.00 | 83.00 | 93.00 | NOTE |
Version: 0.1.1
Check: LazyData
Result: NOTE
'LazyData' is specified without a 'data' directory
Flavors: r-devel-linux-x86_64-debian-clang, r-devel-linux-x86_64-debian-gcc, r-devel-linux-x86_64-fedora-clang, r-devel-linux-x86_64-fedora-gcc, r-patched-linux-x86_64, r-release-linux-x86_64, r-release-macos-arm64, r-release-macos-x86_64, r-release-windows-x86_64, r-oldrel-macos-arm64, r-oldrel-macos-x86_64, r-oldrel-windows-ix86+x86_64
Version: 0.1.1
Check: dependencies in R code
Result: NOTE
Initiating curl with CURL_SSL_BACKEND: openssl
Flavor: r-oldrel-windows-ix86+x86_64