CRAN Package Check Results for Package predkmeans

Last updated on 2021-12-04 10:52:40 CET.

Flavor Version Tinstall Tcheck Ttotal Status Flags
r-devel-linux-x86_64-debian-clang 0.1.1 30.64 48.09 78.73 NOTE
r-devel-linux-x86_64-debian-gcc 0.1.1 20.11 37.71 57.82 NOTE
r-devel-linux-x86_64-fedora-clang 0.1.1 109.77 NOTE
r-devel-linux-x86_64-fedora-gcc 0.1.1 91.99 NOTE
r-devel-windows-x86_64-new-UL 0.1.1 45.00 101.00 146.00 NOTE
r-devel-windows-x86_64-new-TK 0.1.1 NOTE
r-devel-windows-x86_64-old 0.1.1 42.00 54.00 96.00 NOTE
r-patched-linux-x86_64 0.1.1 32.87 39.47 72.34 NOTE
r-release-linux-x86_64 0.1.1 27.56 39.02 66.58 NOTE
r-release-macos-arm64 0.1.1 NOTE
r-release-macos-x86_64 0.1.1 NOTE
r-release-windows-ix86+x86_64 0.1.1 81.00 97.00 178.00 NOTE
r-oldrel-macos-x86_64 0.1.1 OK
r-oldrel-windows-ix86+x86_64 0.1.1 83.00 96.00 179.00 OK

Check Details

Version: 0.1.1
Check: LazyData
Result: NOTE
     'LazyData' is specified without a 'data' directory
Flavors: r-devel-linux-x86_64-debian-clang, r-devel-linux-x86_64-debian-gcc, r-devel-linux-x86_64-fedora-clang, r-devel-linux-x86_64-fedora-gcc, r-devel-windows-x86_64-new-UL, r-devel-windows-x86_64-new-TK, r-devel-windows-x86_64-old, r-patched-linux-x86_64, r-release-linux-x86_64, r-release-macos-arm64, r-release-macos-x86_64, r-release-windows-ix86+x86_64