CRAN Package Check Results for Package predictrace

Last updated on 2020-08-13 06:47:38 CEST.

Flavor Version Tinstall Tcheck Ttotal Status Flags
r-devel-linux-x86_64-debian-clang 1.1.1 0.71 2.75 3.46 ERROR
r-devel-linux-x86_64-debian-gcc 1.1.1 10.22 27.64 37.86 OK
r-devel-linux-x86_64-fedora-clang 1.1.1 66.42 NOTE
r-devel-linux-x86_64-fedora-gcc 1.1.1 56.88 NOTE
r-devel-windows-ix86+x86_64 1.1.1 18.00 71.00 89.00 OK
r-patched-linux-x86_64 1.1.1 11.32 34.28 45.60 OK
r-patched-solaris-x86 1.1.1 89.50 NOTE
r-release-linux-x86_64 1.1.1 0.64 2.52 3.16 ERROR
r-release-macos-x86_64 1.1.1 NOTE
r-release-windows-ix86+x86_64 1.1.1 23.00 63.00 86.00 OK
r-oldrel-macos-x86_64 1.1.1 NOTE
r-oldrel-windows-ix86+x86_64 1.1.1 16.00 44.00 60.00 OK

Check Details

Version: 1.1.1
Check: package dependencies
Result: ERROR
    Package required but not available: 'tidyr'
    
    See section 'The DESCRIPTION file' in the 'Writing R Extensions'
    manual.
Flavors: r-devel-linux-x86_64-debian-clang, r-release-linux-x86_64

Version: 1.1.1
Check: dependencies in R code
Result: NOTE
    Namespaces in Imports field not imported from:
     ‘here’ ‘tidyr’
     All declared Imports should be used.
Flavors: r-devel-linux-x86_64-fedora-clang, r-devel-linux-x86_64-fedora-gcc, r-patched-solaris-x86, r-release-macos-x86_64, r-oldrel-macos-x86_64