CRAN Package Check Results for Package predictrace

Last updated on 2020-01-24 09:51:15 CET.

Flavor Version Tinstall Tcheck Ttotal Status Flags
r-devel-linux-x86_64-debian-clang 1.0.0 11.37 35.10 46.47 OK
r-devel-linux-x86_64-debian-gcc 1.0.0 10.66 28.66 39.32 OK
r-devel-linux-x86_64-fedora-clang 1.0.0 59.82 NOTE
r-devel-linux-x86_64-fedora-gcc 1.0.0 58.53 NOTE
r-devel-windows-ix86+x86_64 1.0.0 19.00 61.00 80.00 OK
r-devel-windows-ix86+x86_64-gcc8 1.0.0 23.00 45.00 68.00 OK
r-patched-linux-x86_64 1.0.0 12.00 32.60 44.60 OK
r-patched-solaris-x86 1.0.0 91.40 NOTE
r-release-linux-x86_64 1.0.0 9.72 33.41 43.13 OK
r-release-windows-ix86+x86_64 1.0.0 16.00 51.00 67.00 OK
r-release-osx-x86_64 1.0.0 NOTE
r-oldrel-windows-ix86+x86_64 1.0.0 14.00 41.00 55.00 OK
r-oldrel-osx-x86_64 1.0.0 NOTE

Check Details

Version: 1.0.0
Check: dependencies in R code
Result: NOTE
    Namespaces in Imports field not imported from:
     ‘here’ ‘tidyr’
     All declared Imports should be used.
Flavors: r-devel-linux-x86_64-fedora-clang, r-devel-linux-x86_64-fedora-gcc, r-patched-solaris-x86, r-release-osx-x86_64, r-oldrel-osx-x86_64