CRAN Package Check Results for Package prediction

Last updated on 2022-11-28 07:50:00 CET.

Flavor Version Tinstall Tcheck Ttotal Status Flags
r-devel-linux-x86_64-debian-clang 0.3.14 6.93 57.62 64.55 NOTE
r-devel-linux-x86_64-debian-gcc 0.3.14 4.82 43.56 48.38 NOTE
r-devel-linux-x86_64-fedora-clang 0.3.14 88.36 NOTE
r-devel-linux-x86_64-fedora-gcc 0.3.14 113.18 NOTE
r-devel-windows-x86_64 0.3.14 45.00 84.00 129.00 OK
r-patched-linux-x86_64 0.3.14 5.20 54.08 59.28 NOTE
r-release-linux-x86_64 0.3.14 4.54 54.08 58.62 NOTE
r-release-macos-arm64 0.3.14 29.00 OK
r-release-macos-x86_64 0.3.14 50.00 NOTE
r-release-windows-x86_64 0.3.14 47.00 85.00 132.00 OK
r-oldrel-macos-arm64 0.3.14 36.00 OK
r-oldrel-macos-x86_64 0.3.14 68.00 OK
r-oldrel-windows-ix86+x86_64 0.3.14 10.00 72.00 82.00 OK

Check Details

Version: 0.3.14
Check: package dependencies
Result: NOTE
    Package which this enhances but not available for checking: 'ffbase'
Flavors: r-devel-linux-x86_64-debian-clang, r-devel-linux-x86_64-debian-gcc, r-devel-linux-x86_64-fedora-clang, r-devel-linux-x86_64-fedora-gcc, r-patched-linux-x86_64, r-release-linux-x86_64, r-release-macos-x86_64

Version: 0.3.14
Check: Rd cross-references
Result: NOTE
    Unknown package 'ffbase' in Rd xrefs
Flavors: r-devel-linux-x86_64-debian-clang, r-devel-linux-x86_64-debian-gcc, r-devel-linux-x86_64-fedora-clang, r-devel-linux-x86_64-fedora-gcc, r-patched-linux-x86_64, r-release-linux-x86_64, r-release-macos-x86_64