CRAN Package Check Results for Package prediction

Last updated on 2019-04-23 17:51:45 CEST.

Flavor Version Tinstall Tcheck Ttotal Status Flags
r-devel-linux-x86_64-debian-clang 0.3.6.2 4.59 59.33 63.92 OK
r-devel-linux-x86_64-debian-gcc 0.3.6.2 3.96 44.59 48.55 OK
r-devel-linux-x86_64-fedora-clang 0.3.6.2 75.11 OK
r-devel-linux-x86_64-fedora-gcc 0.3.6.2 43.75 OK
r-devel-windows-ix86+x86_64 0.3.6.2 10.00 44.00 54.00 OK
r-patched-linux-x86_64 0.3.6.2 4.02 56.49 60.51 OK
r-patched-solaris-x86 0.3.6.2 67.60 OK
r-release-linux-x86_64 0.3.6.2 3.28 54.09 57.37 OK
r-release-windows-ix86+x86_64 0.3.6.2 5.00 65.00 70.00 OK
r-release-osx-x86_64 0.3.6.2 ERROR
r-oldrel-windows-ix86+x86_64 0.3.6.2 9.00 59.00 68.00 OK
r-oldrel-osx-x86_64 0.3.6.2 ERROR

Check Details

Version: 0.3.6.2
Check: tests
Result: ERROR
     Running ‘testthat-prediction.R’ [20s/20s]
    Running the tests in ‘tests/testthat-prediction.R’ failed.
    Last 13 lines of output:
     5: get_all_vars(model, data = env)
     6: as.formula(formula)
     7: formula(object, env = baseenv())
     8: formula.default(object, env = baseenv())
     9: stop("invalid formula")
    
     (Intercept) tensionM tensionH
     36.38889 -10.00000 -14.72222
     Using automatic sigma estimation (sigest) for RBF or laplace kernel
     ══ testthat results ═══════════════════════════════════════════════════════════
     OK: 170 SKIPPED: 0 FAILED: 1
     1. Error: Test prediction() for 'bigLm' (@tests-methods.R#88)
    
     Error: testthat unit tests failed
     Execution halted
Flavor: r-release-osx-x86_64

Version: 0.3.6.2
Check: tests
Result: ERROR
     Running ‘testthat-prediction.R’ [25s/26s]
    Running the tests in ‘tests/testthat-prediction.R’ failed.
    Last 13 lines of output:
     5: get_all_vars(model, data = env)
     6: as.formula(formula)
     7: formula(object, env = baseenv())
     8: formula.default(object, env = baseenv())
     9: stop("invalid formula")
    
     (Intercept) tensionM tensionH
     36.38889 -10.00000 -14.72222
     Using automatic sigma estimation (sigest) for RBF or laplace kernel
     ══ testthat results ═══════════════════════════════════════════════════════════
     OK: 170 SKIPPED: 0 FAILED: 1
     1. Error: Test prediction() for 'bigLm' (@tests-methods.R#88)
    
     Error: testthat unit tests failed
     Execution halted
Flavor: r-oldrel-osx-x86_64