Last updated on 2022-06-26 06:50:45 CEST.
Flavor | Version | Tinstall | Tcheck | Ttotal | Status | Flags |
---|---|---|---|---|---|---|
r-devel-linux-x86_64-debian-clang | 0.3.14 | 5.98 | 57.32 | 63.30 | NOTE | |
r-devel-linux-x86_64-debian-gcc | 0.3.14 | 4.01 | 42.13 | 46.14 | NOTE | |
r-devel-linux-x86_64-fedora-clang | 0.3.14 | 86.77 | NOTE | |||
r-devel-linux-x86_64-fedora-gcc | 0.3.14 | 113.66 | NOTE | |||
r-devel-windows-x86_64 | 0.3.14 | 59.00 | 78.00 | 137.00 | OK | |
r-patched-linux-x86_64 | 0.3.14 | 5.17 | 52.94 | 58.11 | NOTE | |
r-release-linux-x86_64 | 0.3.14 | 5.18 | 53.47 | 58.65 | NOTE | |
r-release-macos-arm64 | 0.3.14 | 29.00 | OK | |||
r-release-macos-x86_64 | 0.3.14 | 50.00 | NOTE | |||
r-release-windows-x86_64 | 0.3.14 | 71.00 | 78.00 | 149.00 | OK | |
r-oldrel-macos-arm64 | 0.3.14 | 36.00 | OK | |||
r-oldrel-macos-x86_64 | 0.3.14 | 68.00 | OK | |||
r-oldrel-windows-ix86+x86_64 | 0.3.14 | 11.00 | 69.00 | 80.00 | OK |
Version: 0.3.14
Check: package dependencies
Result: NOTE
Package which this enhances but not available for checking: 'ffbase'
Flavors: r-devel-linux-x86_64-debian-clang, r-devel-linux-x86_64-debian-gcc, r-devel-linux-x86_64-fedora-clang, r-devel-linux-x86_64-fedora-gcc, r-patched-linux-x86_64, r-release-linux-x86_64, r-release-macos-x86_64
Version: 0.3.14
Check: Rd cross-references
Result: NOTE
Unknown package 'ffbase' in Rd xrefs
Flavors: r-devel-linux-x86_64-debian-clang, r-devel-linux-x86_64-debian-gcc, r-devel-linux-x86_64-fedora-clang, r-devel-linux-x86_64-fedora-gcc, r-patched-linux-x86_64, r-release-linux-x86_64, r-release-macos-x86_64