Last updated on 2023-03-27 06:50:16 CEST.
Flavor | Version | Tinstall | Tcheck | Ttotal | Status | Flags |
---|---|---|---|---|---|---|
r-devel-linux-x86_64-debian-clang | 0.1.0 | 1.61 | 22.24 | 23.85 | NOTE | |
r-devel-linux-x86_64-debian-gcc | 0.1.0 | 1.53 | 17.59 | 19.12 | NOTE | |
r-devel-linux-x86_64-fedora-clang | 0.1.0 | 31.53 | NOTE | |||
r-devel-linux-x86_64-fedora-gcc | 0.1.0 | 29.35 | NOTE | |||
r-patched-linux-x86_64 | 0.1.0 | 2.13 | 21.98 | 24.11 | NOTE | |
r-release-linux-x86_64 | 0.1.0 | 1.80 | 23.04 | 24.84 | NOTE | |
r-release-macos-arm64 | 0.1.0 | 17.00 | NOTE | |||
r-release-macos-x86_64 | 0.1.0 | 20.00 | NOTE | |||
r-release-windows-x86_64 | 0.1.0 | 13.00 | 50.00 | 63.00 | NOTE | |
r-oldrel-macos-arm64 | 0.1.0 | 20.00 | NOTE | |||
r-oldrel-macos-x86_64 | 0.1.0 | 24.00 | NOTE | |||
r-oldrel-windows-ix86+x86_64 | 0.1.0 | 6.00 | 48.00 | 54.00 | NOTE |
Version: 0.1.0
Check: LazyData
Result: NOTE
'LazyData' is specified without a 'data' directory
Flavors: r-devel-linux-x86_64-debian-clang, r-devel-linux-x86_64-debian-gcc, r-devel-linux-x86_64-fedora-clang, r-devel-linux-x86_64-fedora-gcc, r-patched-linux-x86_64, r-release-linux-x86_64, r-release-macos-arm64, r-release-macos-x86_64, r-release-windows-x86_64, r-oldrel-macos-arm64, r-oldrel-macos-x86_64, r-oldrel-windows-ix86+x86_64
Version: 0.1.0
Check: dependencies in R code
Result: NOTE
Namespace in Imports field not imported from: ‘rpart’
All declared Imports should be used.
Flavors: r-devel-linux-x86_64-fedora-clang, r-devel-linux-x86_64-fedora-gcc, r-release-macos-arm64, r-release-macos-x86_64, r-oldrel-macos-arm64, r-oldrel-macos-x86_64