CRAN Package Check Results for Package precommit

Last updated on 2020-10-26 10:50:03 CET.

Flavor Version Tinstall Tcheck Ttotal Status Flags
r-devel-linux-x86_64-debian-clang 0.1.3 3.89 102.18 106.07 OK
r-devel-linux-x86_64-debian-gcc 0.1.3 2.99 77.31 80.30 OK
r-devel-linux-x86_64-fedora-clang 0.1.3 139.68 NOTE
r-devel-linux-x86_64-fedora-gcc 0.1.3 138.33 NOTE
r-devel-windows-ix86+x86_64 0.1.3 25.00 172.00 197.00 OK
r-patched-linux-x86_64 0.1.3 4.10 94.82 98.92 OK
r-patched-solaris-x86 0.1.3 169.10 NOTE
r-release-linux-x86_64 0.1.3 3.46 93.84 97.30 OK
r-release-macos-x86_64 0.1.3 NOTE
r-release-windows-ix86+x86_64 0.1.3 20.00 122.00 142.00 OK
r-oldrel-macos-x86_64 0.1.3 NOTE
r-oldrel-windows-ix86+x86_64 0.1.3 23.00 158.00 181.00 OK

Check Details

Version: 0.1.3
Check: dependencies in R code
Result: NOTE
    Namespaces in Imports field not imported from:
     ‘R.cache’ ‘docopt’ ‘here’
     All declared Imports should be used.
Flavors: r-devel-linux-x86_64-fedora-clang, r-devel-linux-x86_64-fedora-gcc, r-patched-solaris-x86, r-release-macos-x86_64, r-oldrel-macos-x86_64