CRAN Package Check Results for Package precommit

Last updated on 2024-07-18 22:50:02 CEST.

Flavor Version Tinstall Tcheck Ttotal Status Flags
r-devel-linux-x86_64-debian-clang 0.4.2 5.26 298.95 304.21 ERROR
r-devel-linux-x86_64-debian-gcc 0.4.2 3.63 224.97 228.60 ERROR
r-devel-linux-x86_64-fedora-clang 0.4.2 326.47 ERROR
r-devel-linux-x86_64-fedora-gcc 0.4.2 282.67 ERROR
r-devel-windows-x86_64 0.4.2 29.00 681.00 710.00 ERROR
r-patched-linux-x86_64 0.4.2 6.11 284.89 291.00 ERROR
r-release-linux-x86_64 0.4.2 3.94 290.03 293.97 ERROR
r-release-macos-arm64 0.4.2 110.00 OK
r-release-macos-x86_64 0.4.2 169.00 OK
r-release-windows-x86_64 0.4.2 28.00 683.00 711.00 ERROR
r-oldrel-macos-arm64 0.4.2 108.00 OK
r-oldrel-macos-x86_64 0.4.2 229.00 OK
r-oldrel-windows-x86_64 0.4.2 19.00 421.00 440.00 ERROR

Check Details

Version: 0.4.2
Check: tests
Result: ERROR Running ‘testthat.R’ [197s/150s] Running the tests in ‘tests/testthat.R’ failed. Complete output: > library(testthat) > library(precommit) > test_check("precommit") Starting 2 test processes [ FAIL 1 | WARN 0 | SKIP 13 | PASS 177 ] ══ Skipped tests (13) ══════════════════════════════════════════════════════════ • !is_windows() is TRUE (1): 'test-exec.R:23:3' • On CRAN (11): 'test-conda.R:207:3', 'test-config.R:15:3', 'test-impl-hook-roxygenize.R:2:3', 'test-impl-hook-roxygenize.R:46:3', 'test-impl-hook-roxygenize.R:82:3', 'test-impl-hook-roxygenize.R:95:3', 'test-impl-hook-roxygenize.R:114:3', 'test-impl-hook-roxygenize.R:127:3', 'test-impl-hook-roxygenize.R:143:3', 'test-impl-hook-roxygenize.R:155:3', 'test-zzz.R:2:3' • not_conda() is TRUE (1): 'test-impl-hooks-regex-exclude.R:2:3' ══ Failed tests ════════════════════════════════════════════════════════════════ ── Error ('test-hook-pkgdown.R:2:1'): (code run outside of `test_that()`) ────── <purrr_error_indexed/rlang_error/error/condition> Error in `purrr::map2(path_candidate, path_candidate_temp, hook_state_assert_one, tempdir = tempdir, file_transformer = file_transformer, path_stdout = path_stdout, path_stderr = path_stderr, expect_success = expect_success, std_err = std_err, std_out = std_out, exit_status = exit_status)`: ℹ In index: 1. ℹ With name: man/autoudpate.Rd. Caused by error: ! Expected: No error. Found: Error in `check_pkgdown()`: ! In _pkgdown.yml, url is missing. ℹ See details in `vignette(pkgdown::metadata)`. Backtrace: ▆ 1. └─pkgdown::check_pkgdown() 2. └─pkgdown:::check_urls(pkg) 3. └─pkgdown:::config_abort(...) 4. └─cli::cli_abort(message, ..., call = call, .envir = .envir) 5. └─rlang::abort(...) Execution halted [ FAIL 1 | WARN 0 | SKIP 13 | PASS 177 ] Error: Test failures Execution halted Flavor: r-devel-linux-x86_64-debian-clang

Version: 0.4.2
Check: tests
Result: ERROR Running ‘testthat.R’ [148s/160s] Running the tests in ‘tests/testthat.R’ failed. Complete output: > library(testthat) > library(precommit) > test_check("precommit") Starting 2 test processes [ FAIL 1 | WARN 0 | SKIP 13 | PASS 177 ] ══ Skipped tests (13) ══════════════════════════════════════════════════════════ • !is_windows() is TRUE (1): 'test-exec.R:23:3' • On CRAN (11): 'test-conda.R:207:3', 'test-config.R:15:3', 'test-impl-hook-roxygenize.R:2:3', 'test-impl-hook-roxygenize.R:46:3', 'test-impl-hook-roxygenize.R:82:3', 'test-impl-hook-roxygenize.R:95:3', 'test-impl-hook-roxygenize.R:114:3', 'test-impl-hook-roxygenize.R:127:3', 'test-impl-hook-roxygenize.R:143:3', 'test-impl-hook-roxygenize.R:155:3', 'test-zzz.R:2:3' • not_conda() is TRUE (1): 'test-impl-hooks-regex-exclude.R:2:3' ══ Failed tests ════════════════════════════════════════════════════════════════ ── Error ('test-hook-pkgdown.R:2:1'): (code run outside of `test_that()`) ────── <purrr_error_indexed/rlang_error/error/condition> Error in `purrr::map2(path_candidate, path_candidate_temp, hook_state_assert_one, tempdir = tempdir, file_transformer = file_transformer, path_stdout = path_stdout, path_stderr = path_stderr, expect_success = expect_success, std_err = std_err, std_out = std_out, exit_status = exit_status)`: ℹ In index: 1. ℹ With name: man/autoudpate.Rd. Caused by error: ! Expected: No error. Found: Error in `check_pkgdown()`: ! In _pkgdown.yml, url is missing. ℹ See details in `vignette(pkgdown::metadata)`. Backtrace: ▆ 1. └─pkgdown::check_pkgdown() 2. └─pkgdown:::check_urls(pkg) 3. └─pkgdown:::config_abort(...) 4. └─cli::cli_abort(message, ..., call = call, .envir = .envir) 5. └─rlang::abort(...) Execution halted [ FAIL 1 | WARN 0 | SKIP 13 | PASS 177 ] Error: Test failures Execution halted Flavor: r-devel-linux-x86_64-debian-gcc

Version: 0.4.2
Check: tests
Result: ERROR Running ‘testthat.R’ [196s/127s] Running the tests in ‘tests/testthat.R’ failed. Complete output: > library(testthat) > library(precommit) > test_check("precommit") Starting 2 test processes [ FAIL 1 | WARN 0 | SKIP 13 | PASS 177 ] ══ Skipped tests (13) ══════════════════════════════════════════════════════════ • !is_windows() is TRUE (1): 'test-exec.R:23:3' • On CRAN (11): 'test-conda.R:207:3', 'test-config.R:15:3', 'test-impl-hook-roxygenize.R:2:3', 'test-impl-hook-roxygenize.R:46:3', 'test-impl-hook-roxygenize.R:82:3', 'test-impl-hook-roxygenize.R:95:3', 'test-impl-hook-roxygenize.R:114:3', 'test-impl-hook-roxygenize.R:127:3', 'test-impl-hook-roxygenize.R:143:3', 'test-impl-hook-roxygenize.R:155:3', 'test-zzz.R:2:3' • not_conda() is TRUE (1): 'test-impl-hooks-regex-exclude.R:2:3' ══ Failed tests ════════════════════════════════════════════════════════════════ ── Error ('test-hook-pkgdown.R:2:1'): (code run outside of `test_that()`) ────── <purrr_error_indexed/rlang_error/error/condition> Error in `purrr::map2(path_candidate, path_candidate_temp, hook_state_assert_one, tempdir = tempdir, file_transformer = file_transformer, path_stdout = path_stdout, path_stderr = path_stderr, expect_success = expect_success, std_err = std_err, std_out = std_out, exit_status = exit_status)`: ℹ In index: 1. ℹ With name: man/autoudpate.Rd. Caused by error: ! Expected: No error. Found: Error in `check_pkgdown()`: ! In _pkgdown.yml, url is missing. ℹ See details in `vignette(pkgdown::metadata)`. Backtrace: ▆ 1. └─pkgdown::check_pkgdown() 2. └─pkgdown:::check_urls(pkg) 3. └─pkgdown:::config_abort(...) 4. └─cli::cli_abort(message, ..., call = call, .envir = .envir) 5. └─rlang::abort(...) Execution halted [ FAIL 1 | WARN 0 | SKIP 13 | PASS 177 ] Error: Test failures Execution halted Flavor: r-devel-linux-x86_64-fedora-clang

Version: 0.4.2
Check: tests
Result: ERROR Running ‘testthat.R’ [168s/106s] Running the tests in ‘tests/testthat.R’ failed. Complete output: > library(testthat) > library(precommit) > test_check("precommit") Starting 2 test processes [ FAIL 1 | WARN 0 | SKIP 13 | PASS 177 ] ══ Skipped tests (13) ══════════════════════════════════════════════════════════ • !is_windows() is TRUE (1): 'test-exec.R:23:3' • On CRAN (11): 'test-conda.R:207:3', 'test-config.R:15:3', 'test-impl-hook-roxygenize.R:2:3', 'test-impl-hook-roxygenize.R:46:3', 'test-impl-hook-roxygenize.R:82:3', 'test-impl-hook-roxygenize.R:95:3', 'test-impl-hook-roxygenize.R:114:3', 'test-impl-hook-roxygenize.R:127:3', 'test-impl-hook-roxygenize.R:143:3', 'test-impl-hook-roxygenize.R:155:3', 'test-zzz.R:2:3' • not_conda() is TRUE (1): 'test-impl-hooks-regex-exclude.R:2:3' ══ Failed tests ════════════════════════════════════════════════════════════════ ── Error ('test-hook-pkgdown.R:2:1'): (code run outside of `test_that()`) ────── <purrr_error_indexed/rlang_error/error/condition> Error in `purrr::map2(path_candidate, path_candidate_temp, hook_state_assert_one, tempdir = tempdir, file_transformer = file_transformer, path_stdout = path_stdout, path_stderr = path_stderr, expect_success = expect_success, std_err = std_err, std_out = std_out, exit_status = exit_status)`: ℹ In index: 1. ℹ With name: man/autoudpate.Rd. Caused by error: ! Expected: No error. Found: Error in `check_pkgdown()`: ! In _pkgdown.yml, url is missing. ℹ See details in `vignette(pkgdown::metadata)`. Backtrace: ▆ 1. └─pkgdown::check_pkgdown() 2. └─pkgdown:::check_urls(pkg) 3. └─pkgdown:::config_abort(...) 4. └─cli::cli_abort(message, ..., call = call, .envir = .envir) 5. └─rlang::abort(...) Execution halted [ FAIL 1 | WARN 0 | SKIP 13 | PASS 177 ] Error: Test failures Execution halted Flavor: r-devel-linux-x86_64-fedora-gcc

Version: 0.4.2
Check: tests
Result: ERROR Running 'testthat.R' [377s] Running the tests in 'tests/testthat.R' failed. Complete output: > library(testthat) > library(precommit) > test_check("precommit") Starting 2 test processes [ FAIL 1 | WARN 0 | SKIP 13 | PASS 177 ] ══ Skipped tests (13) ══════════════════════════════════════════════════════════ • On CRAN (11): 'test-conda.R:207:3', 'test-config.R:15:3', 'test-impl-hook-roxygenize.R:2:3', 'test-impl-hook-roxygenize.R:46:3', 'test-impl-hook-roxygenize.R:82:3', 'test-impl-hook-roxygenize.R:95:3', 'test-impl-hook-roxygenize.R:114:3', 'test-impl-hook-roxygenize.R:127:3', 'test-impl-hook-roxygenize.R:143:3', 'test-impl-hook-roxygenize.R:155:3', 'test-zzz.R:2:3' • not_conda() is TRUE (1): 'test-impl-hooks-regex-exclude.R:2:3' • on_cran() is TRUE (1): 'test-exec.R:25:3' ══ Failed tests ════════════════════════════════════════════════════════════════ ── Error ('test-hook-pkgdown.R:2:1'): (code run outside of `test_that()`) ────── <purrr_error_indexed/rlang_error/error/condition> Error in `purrr::map2(path_candidate, path_candidate_temp, hook_state_assert_one, tempdir = tempdir, file_transformer = file_transformer, path_stdout = path_stdout, path_stderr = path_stderr, expect_success = expect_success, std_err = std_err, std_out = std_out, exit_status = exit_status)`: ℹ In index: 1. ℹ With name: man/autoudpate.Rd. Caused by error: ! Expected: No error. Found: Error in `check_pkgdown()`: ! In _pkgdown.yml, url is missing. ℹ See details in `vignette(pkgdown::metadata)`. Backtrace: ▆ 1. └─pkgdown::check_pkgdown() 2. └─pkgdown:::check_urls(pkg) 3. └─pkgdown:::config_abort(...) 4. └─cli::cli_abort(message, ..., call = call, .envir = .envir) 5. └─rlang::abort(...) Execution halted [ FAIL 1 | WARN 0 | SKIP 13 | PASS 177 ] Error: Test failures Execution halted Flavor: r-devel-windows-x86_64

Version: 0.4.2
Check: tests
Result: ERROR Running ‘testthat.R’ [188s/148s] Running the tests in ‘tests/testthat.R’ failed. Complete output: > library(testthat) > library(precommit) > test_check("precommit") Starting 2 test processes [ FAIL 1 | WARN 0 | SKIP 13 | PASS 177 ] ══ Skipped tests (13) ══════════════════════════════════════════════════════════ • !is_windows() is TRUE (1): 'test-exec.R:23:3' • On CRAN (11): 'test-conda.R:207:3', 'test-config.R:15:3', 'test-impl-hook-roxygenize.R:2:3', 'test-impl-hook-roxygenize.R:46:3', 'test-impl-hook-roxygenize.R:82:3', 'test-impl-hook-roxygenize.R:95:3', 'test-impl-hook-roxygenize.R:114:3', 'test-impl-hook-roxygenize.R:127:3', 'test-impl-hook-roxygenize.R:143:3', 'test-impl-hook-roxygenize.R:155:3', 'test-zzz.R:2:3' • not_conda() is TRUE (1): 'test-impl-hooks-regex-exclude.R:2:3' ══ Failed tests ════════════════════════════════════════════════════════════════ ── Error ('test-hook-pkgdown.R:2:1'): (code run outside of `test_that()`) ────── <purrr_error_indexed/rlang_error/error/condition> Error in `purrr::map2(path_candidate, path_candidate_temp, hook_state_assert_one, tempdir = tempdir, file_transformer = file_transformer, path_stdout = path_stdout, path_stderr = path_stderr, expect_success = expect_success, std_err = std_err, std_out = std_out, exit_status = exit_status)`: ℹ In index: 1. ℹ With name: man/autoudpate.Rd. Caused by error: ! Expected: No error. Found: Error in `check_pkgdown()`: ! In _pkgdown.yml, url is missing. ℹ See details in `vignette(pkgdown::metadata)`. Backtrace: ▆ 1. └─pkgdown::check_pkgdown() 2. └─pkgdown:::check_urls(pkg) 3. └─pkgdown:::config_abort(...) 4. └─cli::cli_abort(message, ..., call = call, .envir = .envir) 5. └─rlang::abort(...) Execution halted [ FAIL 1 | WARN 0 | SKIP 13 | PASS 177 ] Error: Test failures Execution halted Flavor: r-patched-linux-x86_64

Version: 0.4.2
Check: tests
Result: ERROR Running ‘testthat.R’ [191s/155s] Running the tests in ‘tests/testthat.R’ failed. Complete output: > library(testthat) > library(precommit) > test_check("precommit") Starting 2 test processes [ FAIL 1 | WARN 0 | SKIP 13 | PASS 177 ] ══ Skipped tests (13) ══════════════════════════════════════════════════════════ • !is_windows() is TRUE (1): 'test-exec.R:23:3' • On CRAN (11): 'test-conda.R:207:3', 'test-config.R:15:3', 'test-impl-hook-roxygenize.R:2:3', 'test-impl-hook-roxygenize.R:46:3', 'test-impl-hook-roxygenize.R:82:3', 'test-impl-hook-roxygenize.R:95:3', 'test-impl-hook-roxygenize.R:114:3', 'test-impl-hook-roxygenize.R:127:3', 'test-impl-hook-roxygenize.R:143:3', 'test-impl-hook-roxygenize.R:155:3', 'test-zzz.R:2:3' • not_conda() is TRUE (1): 'test-impl-hooks-regex-exclude.R:2:3' ══ Failed tests ════════════════════════════════════════════════════════════════ ── Error ('test-hook-pkgdown.R:2:1'): (code run outside of `test_that()`) ────── <purrr_error_indexed/rlang_error/error/condition> Error in `purrr::map2(path_candidate, path_candidate_temp, hook_state_assert_one, tempdir = tempdir, file_transformer = file_transformer, path_stdout = path_stdout, path_stderr = path_stderr, expect_success = expect_success, std_err = std_err, std_out = std_out, exit_status = exit_status)`: ℹ In index: 1. ℹ With name: man/autoudpate.Rd. Caused by error: ! Expected: No error. Found: Error in `check_pkgdown()`: ! In _pkgdown.yml, url is missing. ℹ See details in `vignette(pkgdown::metadata)`. Backtrace: ▆ 1. └─pkgdown::check_pkgdown() 2. └─pkgdown:::check_urls(pkg) 3. └─pkgdown:::config_abort(...) 4. └─cli::cli_abort(message, ..., call = call, .envir = .envir) 5. └─rlang::abort(...) Execution halted [ FAIL 1 | WARN 0 | SKIP 13 | PASS 177 ] Error: Test failures Execution halted Flavor: r-release-linux-x86_64

Version: 0.4.2
Check: tests
Result: ERROR Running 'testthat.R' [381s] Running the tests in 'tests/testthat.R' failed. Complete output: > library(testthat) > library(precommit) > test_check("precommit") Starting 2 test processes [ FAIL 1 | WARN 0 | SKIP 13 | PASS 177 ] ══ Skipped tests (13) ══════════════════════════════════════════════════════════ • On CRAN (11): 'test-conda.R:207:3', 'test-config.R:15:3', 'test-impl-hook-roxygenize.R:2:3', 'test-impl-hook-roxygenize.R:46:3', 'test-impl-hook-roxygenize.R:82:3', 'test-impl-hook-roxygenize.R:95:3', 'test-impl-hook-roxygenize.R:114:3', 'test-impl-hook-roxygenize.R:127:3', 'test-impl-hook-roxygenize.R:143:3', 'test-impl-hook-roxygenize.R:155:3', 'test-zzz.R:2:3' • not_conda() is TRUE (1): 'test-impl-hooks-regex-exclude.R:2:3' • on_cran() is TRUE (1): 'test-exec.R:25:3' ══ Failed tests ════════════════════════════════════════════════════════════════ ── Error ('test-hook-pkgdown.R:2:1'): (code run outside of `test_that()`) ────── <purrr_error_indexed/rlang_error/error/condition> Error in `purrr::map2(path_candidate, path_candidate_temp, hook_state_assert_one, tempdir = tempdir, file_transformer = file_transformer, path_stdout = path_stdout, path_stderr = path_stderr, expect_success = expect_success, std_err = std_err, std_out = std_out, exit_status = exit_status)`: ℹ In index: 1. ℹ With name: man/autoudpate.Rd. Caused by error: ! Expected: No error. Found: Error in `check_pkgdown()`: ! In _pkgdown.yml, url is missing. ℹ See details in `vignette(pkgdown::metadata)`. Backtrace: ▆ 1. └─pkgdown::check_pkgdown() 2. └─pkgdown:::check_urls(pkg) 3. └─pkgdown:::config_abort(...) 4. └─cli::cli_abort(message, ..., call = call, .envir = .envir) 5. └─rlang::abort(...) Execution halted [ FAIL 1 | WARN 0 | SKIP 13 | PASS 177 ] Error: Test failures Execution halted Flavor: r-release-windows-x86_64

Version: 0.4.2
Check: tests
Result: ERROR Running 'testthat.R' [229s] Running the tests in 'tests/testthat.R' failed. Complete output: > library(testthat) > library(precommit) > test_check("precommit") Starting 2 test processes [ FAIL 1 | WARN 0 | SKIP 13 | PASS 177 ] ══ Skipped tests (13) ══════════════════════════════════════════════════════════ • On CRAN (11): 'test-conda.R:207:3', 'test-config.R:15:3', 'test-impl-hook-roxygenize.R:2:3', 'test-impl-hook-roxygenize.R:46:3', 'test-impl-hook-roxygenize.R:82:3', 'test-impl-hook-roxygenize.R:95:3', 'test-impl-hook-roxygenize.R:114:3', 'test-impl-hook-roxygenize.R:127:3', 'test-impl-hook-roxygenize.R:143:3', 'test-impl-hook-roxygenize.R:155:3', 'test-zzz.R:2:3' • not_conda() is TRUE (1): 'test-impl-hooks-regex-exclude.R:2:3' • on_cran() is TRUE (1): 'test-exec.R:25:3' ══ Failed tests ════════════════════════════════════════════════════════════════ ── Error ('test-hook-pkgdown.R:2:1'): (code run outside of `test_that()`) ────── <purrr_error_indexed/rlang_error/error/condition> Error in `purrr::map2(path_candidate, path_candidate_temp, hook_state_assert_one, tempdir = tempdir, file_transformer = file_transformer, path_stdout = path_stdout, path_stderr = path_stderr, expect_success = expect_success, std_err = std_err, std_out = std_out, exit_status = exit_status)`: ℹ In index: 1. ℹ With name: man/autoudpate.Rd. Caused by error: ! Expected: No error. Found: Error in `check_pkgdown()`: ! In _pkgdown.yml, url is missing. ℹ See details in `vignette(pkgdown::metadata)`. Backtrace: ▆ 1. └─pkgdown::check_pkgdown() 2. └─pkgdown:::check_urls(pkg) 3. └─pkgdown:::config_abort(...) 4. └─cli::cli_abort(message, ..., call = call, .envir = .envir) 5. └─rlang::abort(...) Execution halted [ FAIL 1 | WARN 0 | SKIP 13 | PASS 177 ] Error: Test failures Execution halted Flavor: r-oldrel-windows-x86_64