CRAN Package Check Results for Package prcbench

Last updated on 2021-06-16 23:49:31 CEST.

Flavor Version Tinstall Tcheck Ttotal Status Flags
r-devel-linux-x86_64-debian-clang 1.0.1 12.15 258.73 270.88 OK
r-devel-linux-x86_64-debian-gcc 1.0.1 9.02 206.94 215.96 OK
r-devel-linux-x86_64-fedora-clang 1.0.1 295.68 OK
r-devel-linux-x86_64-fedora-gcc 1.0.1 353.34 OK
r-devel-windows-x86_64 1.0.1 18.00 360.00 378.00 OK
r-devel-windows-x86_64-gcc10-UCRT 1.0.1 OK
r-patched-linux-x86_64 1.0.1 10.02 241.91 251.93 OK
r-patched-solaris-x86 1.0.1 485.90 OK
r-release-linux-x86_64 1.0.1 12.25 241.19 253.44 OK
r-release-macos-arm64 1.0.1 ERROR
r-release-macos-x86_64 1.0.1 OK
r-release-windows-ix86+x86_64 1.0.1 22.00 355.00 377.00 OK
r-oldrel-macos-x86_64 1.0.1 OK
r-oldrel-windows-ix86+x86_64 1.0.1 18.00 368.00 386.00 OK

Check Details

Version: 1.0.1
Check: package dependencies
Result: NOTE
    Package suggested but not available for checking: ‘PerfMeas’
Flavor: r-release-macos-arm64

Version: 1.0.1
Check: examples
Result: ERROR
    Running examples in ‘prcbench-Ex.R’ failed
    The error most likely occurred in:
    
    > ### Name: ToolAUCCalculator
    > ### Title: ToolAUCCalculator
    > ### Aliases: ToolAUCCalculator
    >
    > ### ** Examples
    >
    > ## Initialization
    > toolauccalc <- ToolAUCCalculator$new()
Flavor: r-release-macos-arm64

Version: 1.0.1
Check: tests
Result: ERROR
     Running ‘testthat.R’ [14s/17s]
    Running the tests in ‘tests/testthat.R’ failed.
    Complete output:
     > #' @importFrom prcbench
     >
     > library(testthat)
     >
     > test_check("prcbench")
     Loading required package: prcbench
Flavor: r-release-macos-arm64

Version: 1.0.1
Check: re-building of vignette outputs
Result: WARN
    Error(s) in re-building vignettes:
     ...
    --- re-building ‘introduction.Rmd’ using rmarkdown
    Warning in engine$weave(file, quiet = quiet, encoding = enc) :
     Pandoc (>= 1.12.3) not available. Falling back to R Markdown v1.
Flavor: r-release-macos-arm64